{"id":273,"date":"2017-01-12T10:42:05","date_gmt":"2017-01-12T09:42:05","guid":{"rendered":"https:\/\/klasam.se\/?page_id=273"},"modified":"2023-12-07T09:07:13","modified_gmt":"2023-12-07T09:07:13","slug":"projekt-rebus","status":"publish","type":"page","link":"https:\/\/klasam.se\/ostravarmland\/projekt-rebus\/","title":{"rendered":"Finansierade projekt"},"content":{"rendered":"<p>Samordningsf\u00f6rbundet \u00f6stra V\u00e4rmland finansierar tre projekt:<\/p>\n<p><strong>Drivkraften Filipstad<\/strong><br \/><em><strong>Projekt\u00e4gare:<\/strong> <\/em>Filipstads kommun<br \/><em><strong>Projektstart:<\/strong><\/em> 2017<br \/><em><strong>M\u00e5lgrupp:<\/strong><\/em><br \/>Psykisk oh\u00e4lsa\u00a0<br \/>Personer som riskerar att skrivas ut fr\u00e5n Arbetsf\u00f6rmedlingen\/SKAT 14<br \/>Personer som uppb\u00e4r f\u00f6rs\u00f6rjningsst\u00f6d\/ekonomiskt bist\u00e5nd<br \/>Unga vuxna med aktivitetsers\u00e4ttning<br \/>L\u00e5ngtidssjukskrivna<br \/><em><strong>Syfte:<\/strong><\/em><br \/>Minska den psykiska oh\u00e4lsan<br \/>Identifiera kvinnor som \u00e4r utsatta f\u00f6r v\u00e5ld i n\u00e4ra relation<\/p>\n<p><strong>Drivkraften Storfors<\/strong><br \/><em><strong>Projekt\u00e4gare:<\/strong><\/em> Storfors kommun<br \/><em><strong>Projektstart:<\/strong> <\/em>2017<br \/><em><strong>M\u00e5lgrupp:<br \/><\/strong><\/em>Psykisk oh\u00e4lsa<br \/>Unga vuxna med aktivitetsers\u00e4ttning<br \/>L\u00e5ngtidsarbetsl\u00f6sa<br \/><em><strong>Syfte:<\/strong><\/em><br \/>Projektet syftar till att identifiera drivkraften hos varje enskild deltagare. Det g\u00f6rs genom fokus p\u00e5 samtal och coachning som metod.\u00a0\u00a0<\/p>\n<p>\u00a0<\/p>\n\n\n<p><\/p>\n\n\n\n<p><\/p>\n\n\n\n<p><\/p>\n\n\n\n<p><\/p>\n\n\n\n<p><\/p>\n\n\n\n<p><\/p>\n\n\n\n<h2 class=\"wp-block-heading\"><\/h2>\n\n\n\n<h2 class=\"wp-block-heading\"><\/h2>\n","protected":false},"excerpt":{"rendered":"<p>Samordningsf\u00f6rbundet \u00f6stra V\u00e4rmland finansierar tre projekt: Drivkraften FilipstadProjekt\u00e4gare: Filipstads kommunProjektstart: 2017M\u00e5lgrupp:Psykisk oh\u00e4lsa\u00a0Personer som riskerar att skrivas ut fr\u00e5n Arbetsf\u00f6rmedlingen\/SKAT 14Personer som uppb\u00e4r f\u00f6rs\u00f6rjningsst\u00f6d\/ekonomiskt bist\u00e5ndUnga vuxna med aktivitetsers\u00e4ttningL\u00e5ngtidssjukskrivnaSyfte:Minska den psykiska oh\u00e4lsanIdentifiera kvinnor som \u00e4r utsatta f\u00f6r v\u00e5ld i n\u00e4ra relation Drivkraften StorforsProjekt\u00e4gare: Storfors kommunProjektstart: 2017M\u00e5lgrupp:Psykisk oh\u00e4lsaUnga vuxna med aktivitetsers\u00e4ttningL\u00e5ngtidsarbetsl\u00f6saSyfte:Projektet syftar till att identifiera drivkraften hos varje [&hellip;]<\/p>\n","protected":false},"author":7,"featured_media":0,"parent":0,"menu_order":0,"comment_status":"closed","ping_status":"closed","template":"","meta":{"footnotes":""},"class_list":["post-273","page","type-page","status-publish","hentry"],"yoast_head":"<!-- This site is optimized with the Yoast SEO plugin v27.3 - https:\/\/yoast.com\/product\/yoast-seo-wordpress\/ -->\n<title>Finansierade projekt - Samordningsf\u00f6rbundet \u00d6stra V\u00e4rmland<\/title>\n<meta name=\"robots\" content=\"index, follow, max-snippet:-1, max-image-preview:large, max-video-preview:-1\" \/>\n<link rel=\"canonical\" href=\"https:\/\/klasam.se\/ostravarmland\/projekt-rebus\/\" \/>\n<meta property=\"og:locale\" content=\"sv_SE\" \/>\n<meta property=\"og:type\" content=\"article\" \/>\n<meta property=\"og:title\" content=\"Finansierade projekt - Samordningsf\u00f6rbundet \u00d6stra V\u00e4rmland\" \/>\n<meta property=\"og:description\" content=\"Samordningsf\u00f6rbundet \u00f6stra V\u00e4rmland finansierar tre projekt: Drivkraften FilipstadProjekt\u00e4gare: Filipstads kommunProjektstart: 2017M\u00e5lgrupp:Psykisk oh\u00e4lsa\u00a0Personer som riskerar att skrivas ut fr\u00e5n Arbetsf\u00f6rmedlingen\/SKAT 14Personer som uppb\u00e4r f\u00f6rs\u00f6rjningsst\u00f6d\/ekonomiskt bist\u00e5ndUnga vuxna med aktivitetsers\u00e4ttningL\u00e5ngtidssjukskrivnaSyfte:Minska den psykiska oh\u00e4lsanIdentifiera kvinnor som \u00e4r utsatta f\u00f6r v\u00e5ld i n\u00e4ra relation Drivkraften StorforsProjekt\u00e4gare: Storfors kommunProjektstart: 2017M\u00e5lgrupp:Psykisk oh\u00e4lsaUnga vuxna med aktivitetsers\u00e4ttningL\u00e5ngtidsarbetsl\u00f6saSyfte:Projektet syftar till att identifiera drivkraften hos varje [&hellip;]\" \/>\n<meta property=\"og:url\" content=\"https:\/\/klasam.se\/ostravarmland\/projekt-rebus\/\" \/>\n<meta property=\"og:site_name\" content=\"Samordningsf\u00f6rbundet \u00d6stra V\u00e4rmland\" \/>\n<meta property=\"article:modified_time\" content=\"2023-12-07T09:07:13+00:00\" \/>\n<meta name=\"twitter:card\" content=\"summary_large_image\" \/>\n<meta name=\"twitter:label1\" content=\"Ber\u00e4knad l\u00e4stid\" \/>\n\t<meta name=\"twitter:data1\" content=\"1 minut\" \/>\n<script type=\"application\/ld+json\" class=\"yoast-schema-graph\">{\"@context\":\"https:\\\/\\\/schema.org\",\"@graph\":[{\"@type\":\"WebPage\",\"@id\":\"https:\\\/\\\/klasam.se\\\/ostravarmland\\\/projekt-rebus\\\/\",\"url\":\"https:\\\/\\\/klasam.se\\\/ostravarmland\\\/projekt-rebus\\\/\",\"name\":\"Finansierade projekt - Samordningsf\u00f6rbundet \u00d6stra V\u00e4rmland\",\"isPartOf\":{\"@id\":\"https:\\\/\\\/klasam.se\\\/ostravarmland\\\/#website\"},\"datePublished\":\"2017-01-12T09:42:05+00:00\",\"dateModified\":\"2023-12-07T09:07:13+00:00\",\"breadcrumb\":{\"@id\":\"https:\\\/\\\/klasam.se\\\/ostravarmland\\\/projekt-rebus\\\/#breadcrumb\"},\"inLanguage\":\"sv-SE\",\"potentialAction\":[{\"@type\":\"ReadAction\",\"target\":[\"https:\\\/\\\/klasam.se\\\/ostravarmland\\\/projekt-rebus\\\/\"]}]},{\"@type\":\"BreadcrumbList\",\"@id\":\"https:\\\/\\\/klasam.se\\\/ostravarmland\\\/projekt-rebus\\\/#breadcrumb\",\"itemListElement\":[{\"@type\":\"ListItem\",\"position\":1,\"name\":\"Home\",\"item\":\"https:\\\/\\\/klasam.se\\\/ostravarmland\\\/\"},{\"@type\":\"ListItem\",\"position\":2,\"name\":\"Finansierade projekt\"}]},{\"@type\":\"WebSite\",\"@id\":\"https:\\\/\\\/klasam.se\\\/ostravarmland\\\/#website\",\"url\":\"https:\\\/\\\/klasam.se\\\/ostravarmland\\\/\",\"name\":\"Samordningsf\u00f6rbundet \u00d6stra V\u00e4rmland\",\"description\":\"\",\"potentialAction\":[{\"@type\":\"SearchAction\",\"target\":{\"@type\":\"EntryPoint\",\"urlTemplate\":\"https:\\\/\\\/klasam.se\\\/ostravarmland\\\/?s={search_term_string}\"},\"query-input\":{\"@type\":\"PropertyValueSpecification\",\"valueRequired\":true,\"valueName\":\"search_term_string\"}}],\"inLanguage\":\"sv-SE\"}]}<\/script>\n<!-- \/ Yoast SEO plugin. -->","yoast_head_json":{"title":"Finansierade projekt - Samordningsf\u00f6rbundet \u00d6stra V\u00e4rmland","robots":{"index":"index","follow":"follow","max-snippet":"max-snippet:-1","max-image-preview":"max-image-preview:large","max-video-preview":"max-video-preview:-1"},"canonical":"https:\/\/klasam.se\/ostravarmland\/projekt-rebus\/","og_locale":"sv_SE","og_type":"article","og_title":"Finansierade projekt - Samordningsf\u00f6rbundet \u00d6stra V\u00e4rmland","og_description":"Samordningsf\u00f6rbundet \u00f6stra V\u00e4rmland finansierar tre projekt: Drivkraften FilipstadProjekt\u00e4gare: Filipstads kommunProjektstart: 2017M\u00e5lgrupp:Psykisk oh\u00e4lsa\u00a0Personer som riskerar att skrivas ut fr\u00e5n Arbetsf\u00f6rmedlingen\/SKAT 14Personer som uppb\u00e4r f\u00f6rs\u00f6rjningsst\u00f6d\/ekonomiskt bist\u00e5ndUnga vuxna med aktivitetsers\u00e4ttningL\u00e5ngtidssjukskrivnaSyfte:Minska den psykiska oh\u00e4lsanIdentifiera kvinnor som \u00e4r utsatta f\u00f6r v\u00e5ld i n\u00e4ra relation Drivkraften StorforsProjekt\u00e4gare: Storfors kommunProjektstart: 2017M\u00e5lgrupp:Psykisk oh\u00e4lsaUnga vuxna med aktivitetsers\u00e4ttningL\u00e5ngtidsarbetsl\u00f6saSyfte:Projektet syftar till att identifiera drivkraften hos varje [&hellip;]","og_url":"https:\/\/klasam.se\/ostravarmland\/projekt-rebus\/","og_site_name":"Samordningsf\u00f6rbundet \u00d6stra V\u00e4rmland","article_modified_time":"2023-12-07T09:07:13+00:00","twitter_card":"summary_large_image","twitter_misc":{"Ber\u00e4knad l\u00e4stid":"1 minut"},"schema":{"@context":"https:\/\/schema.org","@graph":[{"@type":"WebPage","@id":"https:\/\/klasam.se\/ostravarmland\/projekt-rebus\/","url":"https:\/\/klasam.se\/ostravarmland\/projekt-rebus\/","name":"Finansierade projekt - Samordningsf\u00f6rbundet \u00d6stra V\u00e4rmland","isPartOf":{"@id":"https:\/\/klasam.se\/ostravarmland\/#website"},"datePublished":"2017-01-12T09:42:05+00:00","dateModified":"2023-12-07T09:07:13+00:00","breadcrumb":{"@id":"https:\/\/klasam.se\/ostravarmland\/projekt-rebus\/#breadcrumb"},"inLanguage":"sv-SE","potentialAction":[{"@type":"ReadAction","target":["https:\/\/klasam.se\/ostravarmland\/projekt-rebus\/"]}]},{"@type":"BreadcrumbList","@id":"https:\/\/klasam.se\/ostravarmland\/projekt-rebus\/#breadcrumb","itemListElement":[{"@type":"ListItem","position":1,"name":"Home","item":"https:\/\/klasam.se\/ostravarmland\/"},{"@type":"ListItem","position":2,"name":"Finansierade projekt"}]},{"@type":"WebSite","@id":"https:\/\/klasam.se\/ostravarmland\/#website","url":"https:\/\/klasam.se\/ostravarmland\/","name":"Samordningsf\u00f6rbundet \u00d6stra V\u00e4rmland","description":"","potentialAction":[{"@type":"SearchAction","target":{"@type":"EntryPoint","urlTemplate":"https:\/\/klasam.se\/ostravarmland\/?s={search_term_string}"},"query-input":{"@type":"PropertyValueSpecification","valueRequired":true,"valueName":"search_term_string"}}],"inLanguage":"sv-SE"}]}},"_links":{"self":[{"href":"https:\/\/klasam.se\/ostravarmland\/wp-json\/wp\/v2\/pages\/273","targetHints":{"allow":["GET"]}}],"collection":[{"href":"https:\/\/klasam.se\/ostravarmland\/wp-json\/wp\/v2\/pages"}],"about":[{"href":"https:\/\/klasam.se\/ostravarmland\/wp-json\/wp\/v2\/types\/page"}],"author":[{"embeddable":true,"href":"https:\/\/klasam.se\/ostravarmland\/wp-json\/wp\/v2\/users\/7"}],"replies":[{"embeddable":true,"href":"https:\/\/klasam.se\/ostravarmland\/wp-json\/wp\/v2\/comments?post=273"}],"version-history":[{"count":9,"href":"https:\/\/klasam.se\/ostravarmland\/wp-json\/wp\/v2\/pages\/273\/revisions"}],"predecessor-version":[{"id":2191,"href":"https:\/\/klasam.se\/ostravarmland\/wp-json\/wp\/v2\/pages\/273\/revisions\/2191"}],"wp:attachment":[{"href":"https:\/\/klasam.se\/ostravarmland\/wp-json\/wp\/v2\/media?parent=273"}],"curies":[{"name":"wp","href":"https:\/\/api.w.org\/{rel}","templated":true}]}}