{"id":1671,"date":"2016-12-29T08:34:23","date_gmt":"2016-12-29T07:34:23","guid":{"rendered":"https:\/\/klasam.se\/?page_id=14"},"modified":"2026-02-24T12:13:49","modified_gmt":"2026-02-24T12:13:49","slug":"organisationen","status":"publish","type":"page","link":"https:\/\/klasam.se\/ostravarmland\/om-forbundet\/organisationen\/","title":{"rendered":"Organisationen"},"content":{"rendered":"<h1>Organisation<\/h1>\n<h2>Styrelse<\/h2>\n<p>Samordningsf\u00f6rbundets beslutande organ \u00e4r styrelsen som \u00e4r ytterst ansvarig f\u00f6r verksamheten. Styrelsen beslutar om m\u00e5l, riktlinjer och budget.\u00a0 Till st\u00f6d har styrelsen en tj\u00e4nstemannaledd beredningsgrupp.<\/p>\n<h2>Beredningsgrupp<\/h2>\n<p>Beredningsgruppen \u00e4r gemensam och utg\u00f6r basen f\u00f6r samverkan. Denna grupp \u00e4r ett forum f\u00f6r gemensamma angel\u00e4genheter och utvecklingsaktiviteter &#8211; utifr\u00e5n lokala f\u00f6ruts\u00e4ttningar. Beredningsgruppens medlemmar representerar respektive part f\u00f6r att ge st\u00f6d till f\u00f6rbundschefen, f\u00f6rankra hos parterna och ta fram f\u00f6rslag till styrelsen.\u00a0<\/p>\n<h2>Styrgrupp<\/h2>\n<p>Till aktiviteter som \u00e4r mer omfattande s\u00e5som individinsatser skapas en styrgrupp. Styrgruppen best\u00e5r av beredningsgruppens representanter och behandlar insatsen i samband med beredningsgruppens m\u00f6ten. Insatsansvariga medarbetare och projekt\u00e4garen deltar vid styrgruppens m\u00f6ten.\u00a0<\/p>\n<h2>\u00c4garsamr\u00e5d<\/h2>\n<p>Under ett \u00e4garsamr\u00e5d f\u00f6rs en dialog mellan styrelsen och medlemmarna om f\u00f6rbundets verksamhet. H\u00e4r kan ocks\u00e5 medlemmarna framf\u00f6ra \u00f6nskem\u00e5l och f\u00f6rslag om verksamheten och ta st\u00e4llning till eventuella f\u00f6r\u00e4ndringar av medelstilldelningen.\u00a0<\/p>\n<h2>F\u00f6rbundschef<\/h2>\n<p>F\u00f6rbundschef har ett brett uppdrag s\u00e5som att verkst\u00e4lla styrelsen beslut, vara sammankallande i olika grupperingar samt uppr\u00e4tth\u00e5lla kontinuitet och struktur i samverkansarbetet.\u00a0<\/p>\n\n\n<p><\/p>\n","protected":false},"excerpt":{"rendered":"<p>Organisation Styrelse Samordningsf\u00f6rbundets beslutande organ \u00e4r styrelsen som \u00e4r ytterst ansvarig f\u00f6r verksamheten. Styrelsen beslutar om m\u00e5l, riktlinjer och budget.\u00a0 Till st\u00f6d har styrelsen en tj\u00e4nstemannaledd beredningsgrupp. Beredningsgrupp Beredningsgruppen \u00e4r gemensam och utg\u00f6r basen f\u00f6r samverkan. Denna grupp \u00e4r ett forum f\u00f6r gemensamma angel\u00e4genheter och utvecklingsaktiviteter &#8211; utifr\u00e5n lokala f\u00f6ruts\u00e4ttningar. Beredningsgruppens medlemmar representerar respektive part [&hellip;]<\/p>\n","protected":false},"author":7,"featured_media":0,"parent":4,"menu_order":0,"comment_status":"closed","ping_status":"closed","template":"","meta":{"footnotes":""},"class_list":["post-1671","page","type-page","status-publish","hentry"],"yoast_head":"<!-- This site is optimized with the Yoast SEO plugin v27.3 - https:\/\/yoast.com\/product\/yoast-seo-wordpress\/ -->\n<title>Organisationen - Samordningsf\u00f6rbundet \u00d6stra V\u00e4rmland<\/title>\n<meta name=\"robots\" content=\"index, follow, max-snippet:-1, max-image-preview:large, max-video-preview:-1\" \/>\n<link rel=\"canonical\" href=\"https:\/\/klasam.se\/ostravarmland\/om-forbundet\/organisationen\/\" \/>\n<meta property=\"og:locale\" content=\"sv_SE\" \/>\n<meta property=\"og:type\" content=\"article\" \/>\n<meta property=\"og:title\" content=\"Organisationen - Samordningsf\u00f6rbundet \u00d6stra V\u00e4rmland\" \/>\n<meta property=\"og:description\" content=\"Organisation Styrelse Samordningsf\u00f6rbundets beslutande organ \u00e4r styrelsen som \u00e4r ytterst ansvarig f\u00f6r verksamheten. Styrelsen beslutar om m\u00e5l, riktlinjer och budget.\u00a0 Till st\u00f6d har styrelsen en tj\u00e4nstemannaledd beredningsgrupp. Beredningsgrupp Beredningsgruppen \u00e4r gemensam och utg\u00f6r basen f\u00f6r samverkan. Denna grupp \u00e4r ett forum f\u00f6r gemensamma angel\u00e4genheter och utvecklingsaktiviteter &#8211; utifr\u00e5n lokala f\u00f6ruts\u00e4ttningar. Beredningsgruppens medlemmar representerar respektive part [&hellip;]\" \/>\n<meta property=\"og:url\" content=\"https:\/\/klasam.se\/ostravarmland\/om-forbundet\/organisationen\/\" \/>\n<meta property=\"og:site_name\" content=\"Samordningsf\u00f6rbundet \u00d6stra V\u00e4rmland\" \/>\n<meta property=\"article:modified_time\" content=\"2026-02-24T12:13:49+00:00\" \/>\n<meta name=\"twitter:card\" content=\"summary_large_image\" \/>\n<meta name=\"twitter:label1\" content=\"Ber\u00e4knad l\u00e4stid\" \/>\n\t<meta name=\"twitter:data1\" content=\"1 minut\" \/>\n<script type=\"application\/ld+json\" class=\"yoast-schema-graph\">{\"@context\":\"https:\\\/\\\/schema.org\",\"@graph\":[{\"@type\":\"WebPage\",\"@id\":\"https:\\\/\\\/klasam.se\\\/ostravarmland\\\/om-forbundet\\\/organisationen\\\/\",\"url\":\"https:\\\/\\\/klasam.se\\\/ostravarmland\\\/om-forbundet\\\/organisationen\\\/\",\"name\":\"Organisationen - Samordningsf\u00f6rbundet \u00d6stra V\u00e4rmland\",\"isPartOf\":{\"@id\":\"https:\\\/\\\/klasam.se\\\/ostravarmland\\\/#website\"},\"datePublished\":\"2016-12-29T07:34:23+00:00\",\"dateModified\":\"2026-02-24T12:13:49+00:00\",\"breadcrumb\":{\"@id\":\"https:\\\/\\\/klasam.se\\\/ostravarmland\\\/om-forbundet\\\/organisationen\\\/#breadcrumb\"},\"inLanguage\":\"sv-SE\",\"potentialAction\":[{\"@type\":\"ReadAction\",\"target\":[\"https:\\\/\\\/klasam.se\\\/ostravarmland\\\/om-forbundet\\\/organisationen\\\/\"]}]},{\"@type\":\"BreadcrumbList\",\"@id\":\"https:\\\/\\\/klasam.se\\\/ostravarmland\\\/om-forbundet\\\/organisationen\\\/#breadcrumb\",\"itemListElement\":[{\"@type\":\"ListItem\",\"position\":1,\"name\":\"Home\",\"item\":\"https:\\\/\\\/klasam.se\\\/ostravarmland\\\/\"},{\"@type\":\"ListItem\",\"position\":2,\"name\":\"Om F\u00f6rbundet\",\"item\":\"https:\\\/\\\/klasam.se\\\/ostravarmland\\\/om-forbundet\\\/\"},{\"@type\":\"ListItem\",\"position\":3,\"name\":\"Organisationen\"}]},{\"@type\":\"WebSite\",\"@id\":\"https:\\\/\\\/klasam.se\\\/ostravarmland\\\/#website\",\"url\":\"https:\\\/\\\/klasam.se\\\/ostravarmland\\\/\",\"name\":\"Samordningsf\u00f6rbundet \u00d6stra V\u00e4rmland\",\"description\":\"\",\"potentialAction\":[{\"@type\":\"SearchAction\",\"target\":{\"@type\":\"EntryPoint\",\"urlTemplate\":\"https:\\\/\\\/klasam.se\\\/ostravarmland\\\/?s={search_term_string}\"},\"query-input\":{\"@type\":\"PropertyValueSpecification\",\"valueRequired\":true,\"valueName\":\"search_term_string\"}}],\"inLanguage\":\"sv-SE\"}]}<\/script>\n<!-- \/ Yoast SEO plugin. -->","yoast_head_json":{"title":"Organisationen - Samordningsf\u00f6rbundet \u00d6stra V\u00e4rmland","robots":{"index":"index","follow":"follow","max-snippet":"max-snippet:-1","max-image-preview":"max-image-preview:large","max-video-preview":"max-video-preview:-1"},"canonical":"https:\/\/klasam.se\/ostravarmland\/om-forbundet\/organisationen\/","og_locale":"sv_SE","og_type":"article","og_title":"Organisationen - Samordningsf\u00f6rbundet \u00d6stra V\u00e4rmland","og_description":"Organisation Styrelse Samordningsf\u00f6rbundets beslutande organ \u00e4r styrelsen som \u00e4r ytterst ansvarig f\u00f6r verksamheten. Styrelsen beslutar om m\u00e5l, riktlinjer och budget.\u00a0 Till st\u00f6d har styrelsen en tj\u00e4nstemannaledd beredningsgrupp. Beredningsgrupp Beredningsgruppen \u00e4r gemensam och utg\u00f6r basen f\u00f6r samverkan. Denna grupp \u00e4r ett forum f\u00f6r gemensamma angel\u00e4genheter och utvecklingsaktiviteter &#8211; utifr\u00e5n lokala f\u00f6ruts\u00e4ttningar. Beredningsgruppens medlemmar representerar respektive part [&hellip;]","og_url":"https:\/\/klasam.se\/ostravarmland\/om-forbundet\/organisationen\/","og_site_name":"Samordningsf\u00f6rbundet \u00d6stra V\u00e4rmland","article_modified_time":"2026-02-24T12:13:49+00:00","twitter_card":"summary_large_image","twitter_misc":{"Ber\u00e4knad l\u00e4stid":"1 minut"},"schema":{"@context":"https:\/\/schema.org","@graph":[{"@type":"WebPage","@id":"https:\/\/klasam.se\/ostravarmland\/om-forbundet\/organisationen\/","url":"https:\/\/klasam.se\/ostravarmland\/om-forbundet\/organisationen\/","name":"Organisationen - Samordningsf\u00f6rbundet \u00d6stra V\u00e4rmland","isPartOf":{"@id":"https:\/\/klasam.se\/ostravarmland\/#website"},"datePublished":"2016-12-29T07:34:23+00:00","dateModified":"2026-02-24T12:13:49+00:00","breadcrumb":{"@id":"https:\/\/klasam.se\/ostravarmland\/om-forbundet\/organisationen\/#breadcrumb"},"inLanguage":"sv-SE","potentialAction":[{"@type":"ReadAction","target":["https:\/\/klasam.se\/ostravarmland\/om-forbundet\/organisationen\/"]}]},{"@type":"BreadcrumbList","@id":"https:\/\/klasam.se\/ostravarmland\/om-forbundet\/organisationen\/#breadcrumb","itemListElement":[{"@type":"ListItem","position":1,"name":"Home","item":"https:\/\/klasam.se\/ostravarmland\/"},{"@type":"ListItem","position":2,"name":"Om F\u00f6rbundet","item":"https:\/\/klasam.se\/ostravarmland\/om-forbundet\/"},{"@type":"ListItem","position":3,"name":"Organisationen"}]},{"@type":"WebSite","@id":"https:\/\/klasam.se\/ostravarmland\/#website","url":"https:\/\/klasam.se\/ostravarmland\/","name":"Samordningsf\u00f6rbundet \u00d6stra V\u00e4rmland","description":"","potentialAction":[{"@type":"SearchAction","target":{"@type":"EntryPoint","urlTemplate":"https:\/\/klasam.se\/ostravarmland\/?s={search_term_string}"},"query-input":{"@type":"PropertyValueSpecification","valueRequired":true,"valueName":"search_term_string"}}],"inLanguage":"sv-SE"}]}},"_links":{"self":[{"href":"https:\/\/klasam.se\/ostravarmland\/wp-json\/wp\/v2\/pages\/1671","targetHints":{"allow":["GET"]}}],"collection":[{"href":"https:\/\/klasam.se\/ostravarmland\/wp-json\/wp\/v2\/pages"}],"about":[{"href":"https:\/\/klasam.se\/ostravarmland\/wp-json\/wp\/v2\/types\/page"}],"author":[{"embeddable":true,"href":"https:\/\/klasam.se\/ostravarmland\/wp-json\/wp\/v2\/users\/7"}],"replies":[{"embeddable":true,"href":"https:\/\/klasam.se\/ostravarmland\/wp-json\/wp\/v2\/comments?post=1671"}],"version-history":[{"count":2,"href":"https:\/\/klasam.se\/ostravarmland\/wp-json\/wp\/v2\/pages\/1671\/revisions"}],"predecessor-version":[{"id":2346,"href":"https:\/\/klasam.se\/ostravarmland\/wp-json\/wp\/v2\/pages\/1671\/revisions\/2346"}],"up":[{"embeddable":true,"href":"https:\/\/klasam.se\/ostravarmland\/wp-json\/wp\/v2\/pages\/4"}],"wp:attachment":[{"href":"https:\/\/klasam.se\/ostravarmland\/wp-json\/wp\/v2\/media?parent=1671"}],"curies":[{"name":"wp","href":"https:\/\/api.w.org\/{rel}","templated":true}]}}