{"id":1670,"date":"2016-12-29T08:32:28","date_gmt":"2016-12-29T07:32:28","guid":{"rendered":"https:\/\/klasam.se\/?page_id=7"},"modified":"2022-12-16T08:11:21","modified_gmt":"2022-12-16T08:11:21","slug":"om-samordningsforbundet","status":"publish","type":"page","link":"https:\/\/klasam.se\/ostravarmland\/om-forbundet\/om-samordningsforbundet\/","title":{"rendered":"Om \u00f6stra V\u00e4rmlands samordningsf\u00f6rbund"},"content":{"rendered":"<h1><\/h1>\n<h3>Bakgrund<\/h3>\n<p>\u00d6stra V\u00e4rmlands samordningsf\u00f6rbund har bedrivit verksamhet sedan 2007 och dess medlemmar best\u00e5r av Arbetsf\u00f6rmedlingen, F\u00f6rs\u00e4kringskassan, Region V\u00e4rmland och kommunerna Filipstad och Storfors. F\u00f6rbundet finansierar och st\u00f6djer samverkan i syfte att individen ska \u00f6ka sin f\u00f6rm\u00e5ga till f\u00f6rv\u00e4rvsarbete och\/eller studier och m\u00f6jlighet till sj\u00e4lvf\u00f6rs\u00f6rjning.<\/p>\n<h3>Samordningsf\u00f6rbundets \u00e4ndam\u00e5l och uppgifter<\/h3>\n<p>Samordningsf\u00f6rbundets \u00f6vergripande m\u00e5l \u00e4r att bedriva finansiell samordning inom rehabiliteringsomr\u00e5det s\u00e5 att aktuella samh\u00e4llsresurser anv\u00e4nds p\u00e5 ett effektivt s\u00e4tt och \u00e4r till nytta f\u00f6r medborgarna. Finansiell samordning kan ses som en m\u00f6jlighet till kompletterande insatser ut\u00f6ver de som de samverkande myndigheterna\/parterna redan ansvarar f\u00f6r. Samordningen skall ber\u00f6ra minst tv\u00e5 av de samverkande parterna.<\/p>\n<p>Resurserna kan anv\u00e4ndas till utvecklingsarbete och kompetensutveckling. Resurserna kan ocks\u00e5 anv\u00e4ndas till samordnande insatser f\u00f6r m\u00e5lgrupp, gemensamma kartl\u00e4ggningar, analyser och utv\u00e4rderingar.<\/p>\n<p>Syftet med samordningsf\u00f6rbundet \u00e4r dels att den enskilde ska uppn\u00e5 eller f\u00f6rb\u00e4ttra sin f\u00f6rm\u00e5ga till f\u00f6rv\u00e4rvsarbete och dels att underl\u00e4tta f\u00f6r en effektiv resursanv\u00e4ndning.<\/p>\n<p>F\u00f6rbundets uppdrag \u00e4r tv\u00e5delat; dels att fr\u00e4mja och bidra till utvecklad samverkanskultur genom att st\u00f6dja kompetens- och metodutveckling hos de samverkande parterna, dels genom att finansiera insatser och projekt till st\u00f6d f\u00f6r individer som har behov av samordnad arbetslivsinriktad rehabilitering.<\/p>\n<p>Samordningsf\u00f6rbund har till uppgift att:<\/p>\n<ol>\n<li>Besluta om m\u00e5l och riktlinjer f\u00f6r den finansiella samordningen.<\/li>\n<li>St\u00f6dja samverkan mellan samverkansparterna.<\/li>\n<li>Finansiera insatser som ligger inom de samverkande parternas samlade ansvarsomr\u00e5de.<\/li>\n<li>Besluta p\u00e5 vilket s\u00e4tt de medel som st\u00e5r till f\u00f6rfogande f\u00f6r finansiell samordning skall anv\u00e4ndas.<\/li>\n<li>Svara f\u00f6r uppf\u00f6ljning och utv\u00e4rdering av rehabiliteringsinsatserna.<\/li>\n<li>Uppr\u00e4tta budget och \u00e5rsredovisning f\u00f6r den finansiella samordningen.<\/li>\n<\/ol>\n<h3>M\u00e5lgrupper<\/h3>\n<p>M\u00e5lgruppen \u00e4r personer som \u00e4r i behov av samordnade insatser fr\u00e5n minst tv\u00e5 av de samverkande parterna. Samordningsf\u00f6rbundet har m\u00f6jlighet att agera utifr\u00e5n ett samh\u00e4llsperspektiv och kan d\u00e4rf\u00f6r verka bredare \u00e4n respektive myndighets verksamhetsm\u00e5l. M\u00e5lgrupper identifieras och prioriteras lokalt av beredningsgruppen.<\/p>\n","protected":false},"excerpt":{"rendered":"<p>Bakgrund \u00d6stra V\u00e4rmlands samordningsf\u00f6rbund har bedrivit verksamhet sedan 2007 och dess medlemmar best\u00e5r av Arbetsf\u00f6rmedlingen, F\u00f6rs\u00e4kringskassan, Region V\u00e4rmland och kommunerna Filipstad och Storfors. F\u00f6rbundet finansierar och st\u00f6djer samverkan i syfte att individen ska \u00f6ka sin f\u00f6rm\u00e5ga till f\u00f6rv\u00e4rvsarbete och\/eller studier och m\u00f6jlighet till sj\u00e4lvf\u00f6rs\u00f6rjning. Samordningsf\u00f6rbundets \u00e4ndam\u00e5l och uppgifter Samordningsf\u00f6rbundets \u00f6vergripande m\u00e5l \u00e4r att bedriva finansiell [&hellip;]<\/p>\n","protected":false},"author":7,"featured_media":0,"parent":4,"menu_order":0,"comment_status":"closed","ping_status":"closed","template":"","meta":{"footnotes":""},"class_list":["post-1670","page","type-page","status-publish","hentry"],"yoast_head":"<!-- This site is optimized with the Yoast SEO plugin v27.3 - https:\/\/yoast.com\/product\/yoast-seo-wordpress\/ -->\n<title>Om \u00f6stra V\u00e4rmlands samordningsf\u00f6rbund - Samordningsf\u00f6rbundet \u00d6stra V\u00e4rmland<\/title>\n<meta name=\"robots\" content=\"index, follow, max-snippet:-1, max-image-preview:large, max-video-preview:-1\" \/>\n<link rel=\"canonical\" href=\"https:\/\/klasam.se\/ostravarmland\/om-forbundet\/om-samordningsforbundet\/\" \/>\n<meta property=\"og:locale\" content=\"sv_SE\" \/>\n<meta property=\"og:type\" content=\"article\" \/>\n<meta property=\"og:title\" content=\"Om \u00f6stra V\u00e4rmlands samordningsf\u00f6rbund - Samordningsf\u00f6rbundet \u00d6stra V\u00e4rmland\" \/>\n<meta property=\"og:description\" content=\"Bakgrund \u00d6stra V\u00e4rmlands samordningsf\u00f6rbund har bedrivit verksamhet sedan 2007 och dess medlemmar best\u00e5r av Arbetsf\u00f6rmedlingen, F\u00f6rs\u00e4kringskassan, Region V\u00e4rmland och kommunerna Filipstad och Storfors. F\u00f6rbundet finansierar och st\u00f6djer samverkan i syfte att individen ska \u00f6ka sin f\u00f6rm\u00e5ga till f\u00f6rv\u00e4rvsarbete och\/eller studier och m\u00f6jlighet till sj\u00e4lvf\u00f6rs\u00f6rjning. Samordningsf\u00f6rbundets \u00e4ndam\u00e5l och uppgifter Samordningsf\u00f6rbundets \u00f6vergripande m\u00e5l \u00e4r att bedriva finansiell [&hellip;]\" \/>\n<meta property=\"og:url\" content=\"https:\/\/klasam.se\/ostravarmland\/om-forbundet\/om-samordningsforbundet\/\" \/>\n<meta property=\"og:site_name\" content=\"Samordningsf\u00f6rbundet \u00d6stra V\u00e4rmland\" \/>\n<meta property=\"article:modified_time\" content=\"2022-12-16T08:11:21+00:00\" \/>\n<meta name=\"twitter:card\" content=\"summary_large_image\" \/>\n<meta name=\"twitter:label1\" content=\"Ber\u00e4knad l\u00e4stid\" \/>\n\t<meta name=\"twitter:data1\" content=\"2 minuter\" \/>\n<script type=\"application\/ld+json\" class=\"yoast-schema-graph\">{\"@context\":\"https:\\\/\\\/schema.org\",\"@graph\":[{\"@type\":\"WebPage\",\"@id\":\"https:\\\/\\\/klasam.se\\\/ostravarmland\\\/om-forbundet\\\/om-samordningsforbundet\\\/\",\"url\":\"https:\\\/\\\/klasam.se\\\/ostravarmland\\\/om-forbundet\\\/om-samordningsforbundet\\\/\",\"name\":\"Om \u00f6stra V\u00e4rmlands samordningsf\u00f6rbund - Samordningsf\u00f6rbundet \u00d6stra V\u00e4rmland\",\"isPartOf\":{\"@id\":\"https:\\\/\\\/klasam.se\\\/ostravarmland\\\/#website\"},\"datePublished\":\"2016-12-29T07:32:28+00:00\",\"dateModified\":\"2022-12-16T08:11:21+00:00\",\"breadcrumb\":{\"@id\":\"https:\\\/\\\/klasam.se\\\/ostravarmland\\\/om-forbundet\\\/om-samordningsforbundet\\\/#breadcrumb\"},\"inLanguage\":\"sv-SE\",\"potentialAction\":[{\"@type\":\"ReadAction\",\"target\":[\"https:\\\/\\\/klasam.se\\\/ostravarmland\\\/om-forbundet\\\/om-samordningsforbundet\\\/\"]}]},{\"@type\":\"BreadcrumbList\",\"@id\":\"https:\\\/\\\/klasam.se\\\/ostravarmland\\\/om-forbundet\\\/om-samordningsforbundet\\\/#breadcrumb\",\"itemListElement\":[{\"@type\":\"ListItem\",\"position\":1,\"name\":\"Home\",\"item\":\"https:\\\/\\\/klasam.se\\\/ostravarmland\\\/\"},{\"@type\":\"ListItem\",\"position\":2,\"name\":\"Om F\u00f6rbundet\",\"item\":\"https:\\\/\\\/klasam.se\\\/ostravarmland\\\/om-forbundet\\\/\"},{\"@type\":\"ListItem\",\"position\":3,\"name\":\"Om \u00f6stra V\u00e4rmlands samordningsf\u00f6rbund\"}]},{\"@type\":\"WebSite\",\"@id\":\"https:\\\/\\\/klasam.se\\\/ostravarmland\\\/#website\",\"url\":\"https:\\\/\\\/klasam.se\\\/ostravarmland\\\/\",\"name\":\"Samordningsf\u00f6rbundet \u00d6stra V\u00e4rmland\",\"description\":\"\",\"potentialAction\":[{\"@type\":\"SearchAction\",\"target\":{\"@type\":\"EntryPoint\",\"urlTemplate\":\"https:\\\/\\\/klasam.se\\\/ostravarmland\\\/?s={search_term_string}\"},\"query-input\":{\"@type\":\"PropertyValueSpecification\",\"valueRequired\":true,\"valueName\":\"search_term_string\"}}],\"inLanguage\":\"sv-SE\"}]}<\/script>\n<!-- \/ Yoast SEO plugin. -->","yoast_head_json":{"title":"Om \u00f6stra V\u00e4rmlands samordningsf\u00f6rbund - Samordningsf\u00f6rbundet \u00d6stra V\u00e4rmland","robots":{"index":"index","follow":"follow","max-snippet":"max-snippet:-1","max-image-preview":"max-image-preview:large","max-video-preview":"max-video-preview:-1"},"canonical":"https:\/\/klasam.se\/ostravarmland\/om-forbundet\/om-samordningsforbundet\/","og_locale":"sv_SE","og_type":"article","og_title":"Om \u00f6stra V\u00e4rmlands samordningsf\u00f6rbund - Samordningsf\u00f6rbundet \u00d6stra V\u00e4rmland","og_description":"Bakgrund \u00d6stra V\u00e4rmlands samordningsf\u00f6rbund har bedrivit verksamhet sedan 2007 och dess medlemmar best\u00e5r av Arbetsf\u00f6rmedlingen, F\u00f6rs\u00e4kringskassan, Region V\u00e4rmland och kommunerna Filipstad och Storfors. F\u00f6rbundet finansierar och st\u00f6djer samverkan i syfte att individen ska \u00f6ka sin f\u00f6rm\u00e5ga till f\u00f6rv\u00e4rvsarbete och\/eller studier och m\u00f6jlighet till sj\u00e4lvf\u00f6rs\u00f6rjning. Samordningsf\u00f6rbundets \u00e4ndam\u00e5l och uppgifter Samordningsf\u00f6rbundets \u00f6vergripande m\u00e5l \u00e4r att bedriva finansiell [&hellip;]","og_url":"https:\/\/klasam.se\/ostravarmland\/om-forbundet\/om-samordningsforbundet\/","og_site_name":"Samordningsf\u00f6rbundet \u00d6stra V\u00e4rmland","article_modified_time":"2022-12-16T08:11:21+00:00","twitter_card":"summary_large_image","twitter_misc":{"Ber\u00e4knad l\u00e4stid":"2 minuter"},"schema":{"@context":"https:\/\/schema.org","@graph":[{"@type":"WebPage","@id":"https:\/\/klasam.se\/ostravarmland\/om-forbundet\/om-samordningsforbundet\/","url":"https:\/\/klasam.se\/ostravarmland\/om-forbundet\/om-samordningsforbundet\/","name":"Om \u00f6stra V\u00e4rmlands samordningsf\u00f6rbund - Samordningsf\u00f6rbundet \u00d6stra V\u00e4rmland","isPartOf":{"@id":"https:\/\/klasam.se\/ostravarmland\/#website"},"datePublished":"2016-12-29T07:32:28+00:00","dateModified":"2022-12-16T08:11:21+00:00","breadcrumb":{"@id":"https:\/\/klasam.se\/ostravarmland\/om-forbundet\/om-samordningsforbundet\/#breadcrumb"},"inLanguage":"sv-SE","potentialAction":[{"@type":"ReadAction","target":["https:\/\/klasam.se\/ostravarmland\/om-forbundet\/om-samordningsforbundet\/"]}]},{"@type":"BreadcrumbList","@id":"https:\/\/klasam.se\/ostravarmland\/om-forbundet\/om-samordningsforbundet\/#breadcrumb","itemListElement":[{"@type":"ListItem","position":1,"name":"Home","item":"https:\/\/klasam.se\/ostravarmland\/"},{"@type":"ListItem","position":2,"name":"Om F\u00f6rbundet","item":"https:\/\/klasam.se\/ostravarmland\/om-forbundet\/"},{"@type":"ListItem","position":3,"name":"Om \u00f6stra V\u00e4rmlands samordningsf\u00f6rbund"}]},{"@type":"WebSite","@id":"https:\/\/klasam.se\/ostravarmland\/#website","url":"https:\/\/klasam.se\/ostravarmland\/","name":"Samordningsf\u00f6rbundet \u00d6stra V\u00e4rmland","description":"","potentialAction":[{"@type":"SearchAction","target":{"@type":"EntryPoint","urlTemplate":"https:\/\/klasam.se\/ostravarmland\/?s={search_term_string}"},"query-input":{"@type":"PropertyValueSpecification","valueRequired":true,"valueName":"search_term_string"}}],"inLanguage":"sv-SE"}]}},"_links":{"self":[{"href":"https:\/\/klasam.se\/ostravarmland\/wp-json\/wp\/v2\/pages\/1670","targetHints":{"allow":["GET"]}}],"collection":[{"href":"https:\/\/klasam.se\/ostravarmland\/wp-json\/wp\/v2\/pages"}],"about":[{"href":"https:\/\/klasam.se\/ostravarmland\/wp-json\/wp\/v2\/types\/page"}],"author":[{"embeddable":true,"href":"https:\/\/klasam.se\/ostravarmland\/wp-json\/wp\/v2\/users\/7"}],"replies":[{"embeddable":true,"href":"https:\/\/klasam.se\/ostravarmland\/wp-json\/wp\/v2\/comments?post=1670"}],"version-history":[{"count":3,"href":"https:\/\/klasam.se\/ostravarmland\/wp-json\/wp\/v2\/pages\/1670\/revisions"}],"predecessor-version":[{"id":2048,"href":"https:\/\/klasam.se\/ostravarmland\/wp-json\/wp\/v2\/pages\/1670\/revisions\/2048"}],"up":[{"embeddable":true,"href":"https:\/\/klasam.se\/ostravarmland\/wp-json\/wp\/v2\/pages\/4"}],"wp:attachment":[{"href":"https:\/\/klasam.se\/ostravarmland\/wp-json\/wp\/v2\/media?parent=1670"}],"curies":[{"name":"wp","href":"https:\/\/api.w.org\/{rel}","templated":true}]}}