{"id":1311,"date":"2020-02-20T13:50:04","date_gmt":"2020-02-20T12:50:04","guid":{"rendered":"https:\/\/klasam.se\/?page_id=1311"},"modified":"2023-03-30T08:16:20","modified_gmt":"2023-03-30T08:16:20","slug":"protokoll-2020","status":"publish","type":"page","link":"https:\/\/klasam.se\/ostravarmland\/protokoll-2020\/","title":{"rendered":"Protokoll 2021"},"content":{"rendered":"\n<p>Styrelsem\u00f6te 210217<\/p>\n\n\n\n<div data-wp-interactive=\"core\/file\" class=\"wp-block-file\"><object data-wp-bind--hidden=\"!state.hasPdfPreview\" hidden class=\"wp-block-file__embed\" data=\"https:\/\/klasam.se\/ostravarmland\/wp-content\/uploads\/sites\/2\/2023\/03\/Protokoll-Finsam-210217.pdf\" type=\"application\/pdf\" style=\"width:100%;height:600px\" aria-label=\"Inb\u00e4ddning av Protokoll-Finsam-210217.\"><\/object><a id=\"wp-block-file--media-cb7e2a59-8c60-4a5b-a5fc-a73baefe89c5\" href=\"https:\/\/klasam.se\/ostravarmland\/wp-content\/uploads\/sites\/2\/2023\/03\/Protokoll-Finsam-210217.pdf\">Protokoll-Finsam-210217<\/a><a href=\"https:\/\/klasam.se\/ostravarmland\/wp-content\/uploads\/sites\/2\/2023\/03\/Protokoll-Finsam-210217.pdf\" class=\"wp-block-file__button wp-element-button\" download aria-describedby=\"wp-block-file--media-cb7e2a59-8c60-4a5b-a5fc-a73baefe89c5\">Ladda ner<\/a><\/div>\n\n\n\n<p>Styrelsem\u00f6te 210416<\/p>\n\n\n\n<div data-wp-interactive=\"core\/file\" class=\"wp-block-file\"><object data-wp-bind--hidden=\"!state.hasPdfPreview\" hidden class=\"wp-block-file__embed\" data=\"https:\/\/klasam.se\/ostravarmland\/wp-content\/uploads\/sites\/2\/2023\/03\/Protokoll-Finsam-210416.pdf\" type=\"application\/pdf\" style=\"width:100%;height:600px\" aria-label=\"Inb\u00e4ddning av Protokoll-Finsam-210416.\"><\/object><a id=\"wp-block-file--media-e9300b93-6727-4ecd-9d1d-fbfb21610ce4\" href=\"https:\/\/klasam.se\/ostravarmland\/wp-content\/uploads\/sites\/2\/2023\/03\/Protokoll-Finsam-210416.pdf\">Protokoll-Finsam-210416<\/a><a href=\"https:\/\/klasam.se\/ostravarmland\/wp-content\/uploads\/sites\/2\/2023\/03\/Protokoll-Finsam-210416.pdf\" class=\"wp-block-file__button wp-element-button\" download aria-describedby=\"wp-block-file--media-e9300b93-6727-4ecd-9d1d-fbfb21610ce4\">Ladda ner<\/a><\/div>\n\n\n\n<p>Styrelsem\u00f6te 210601<\/p>\n\n\n\n<div data-wp-interactive=\"core\/file\" class=\"wp-block-file\"><object data-wp-bind--hidden=\"!state.hasPdfPreview\" hidden class=\"wp-block-file__embed\" data=\"https:\/\/klasam.se\/ostravarmland\/wp-content\/uploads\/sites\/2\/2023\/03\/Protokoll-Finsam-210601.pdf\" type=\"application\/pdf\" style=\"width:100%;height:600px\" aria-label=\"Inb\u00e4ddning av Protokoll-Finsam-210601.\"><\/object><a id=\"wp-block-file--media-4bca3f75-d7d2-4ed4-833f-c24694590aaf\" href=\"https:\/\/klasam.se\/ostravarmland\/wp-content\/uploads\/sites\/2\/2023\/03\/Protokoll-Finsam-210601.pdf\">Protokoll-Finsam-210601<\/a><a href=\"https:\/\/klasam.se\/ostravarmland\/wp-content\/uploads\/sites\/2\/2023\/03\/Protokoll-Finsam-210601.pdf\" class=\"wp-block-file__button wp-element-button\" download aria-describedby=\"wp-block-file--media-4bca3f75-d7d2-4ed4-833f-c24694590aaf\">Ladda ner<\/a><\/div>\n\n\n\n<p>Styrelsem\u00f6te 210929<\/p>\n\n\n\n<div data-wp-interactive=\"core\/file\" class=\"wp-block-file\"><object data-wp-bind--hidden=\"!state.hasPdfPreview\" hidden class=\"wp-block-file__embed\" data=\"https:\/\/klasam.se\/ostravarmland\/wp-content\/uploads\/sites\/2\/2023\/03\/Protokoll-Finsam-210929.pdf\" type=\"application\/pdf\" style=\"width:100%;height:600px\" aria-label=\"Inb\u00e4ddning av Protokoll-Finsam-210929.\"><\/object><a id=\"wp-block-file--media-63972099-8ab6-4066-8855-1b1472d940e7\" href=\"https:\/\/klasam.se\/ostravarmland\/wp-content\/uploads\/sites\/2\/2023\/03\/Protokoll-Finsam-210929.pdf\">Protokoll-Finsam-210929<\/a><a href=\"https:\/\/klasam.se\/ostravarmland\/wp-content\/uploads\/sites\/2\/2023\/03\/Protokoll-Finsam-210929.pdf\" class=\"wp-block-file__button wp-element-button\" download aria-describedby=\"wp-block-file--media-63972099-8ab6-4066-8855-1b1472d940e7\">Ladda ner<\/a><\/div>\n\n\n\n<p>Styrelsem\u00f6te 211029<\/p>\n\n\n\n<div data-wp-interactive=\"core\/file\" class=\"wp-block-file\"><object data-wp-bind--hidden=\"!state.hasPdfPreview\" hidden class=\"wp-block-file__embed\" data=\"https:\/\/klasam.se\/ostravarmland\/wp-content\/uploads\/sites\/2\/2023\/03\/Protokoll-Finsam-211029.pdf\" type=\"application\/pdf\" style=\"width:100%;height:600px\" aria-label=\"Inb\u00e4ddning av Protokoll-Finsam-211029.\"><\/object><a id=\"wp-block-file--media-58b8c412-44bf-4e75-9e55-2be4be9d9347\" href=\"https:\/\/klasam.se\/ostravarmland\/wp-content\/uploads\/sites\/2\/2023\/03\/Protokoll-Finsam-211029.pdf\">Protokoll-Finsam-211029<\/a><a href=\"https:\/\/klasam.se\/ostravarmland\/wp-content\/uploads\/sites\/2\/2023\/03\/Protokoll-Finsam-211029.pdf\" class=\"wp-block-file__button wp-element-button\" download aria-describedby=\"wp-block-file--media-58b8c412-44bf-4e75-9e55-2be4be9d9347\">Ladda ner<\/a><\/div>\n\n\n\n<p>Styrelsem\u00f6te 211201<\/p>\n\n\n\n<div data-wp-interactive=\"core\/file\" class=\"wp-block-file\"><object data-wp-bind--hidden=\"!state.hasPdfPreview\" hidden class=\"wp-block-file__embed\" data=\"https:\/\/klasam.se\/ostravarmland\/wp-content\/uploads\/sites\/2\/2023\/03\/Protokoll-Finsam-211201.pdf\" type=\"application\/pdf\" style=\"width:100%;height:600px\" aria-label=\"Inb\u00e4ddning av Protokoll-Finsam-211201.\"><\/object><a id=\"wp-block-file--media-09c76421-7360-4803-9940-513a064f05af\" href=\"https:\/\/klasam.se\/ostravarmland\/wp-content\/uploads\/sites\/2\/2023\/03\/Protokoll-Finsam-211201.pdf\">Protokoll-Finsam-211201<\/a><a href=\"https:\/\/klasam.se\/ostravarmland\/wp-content\/uploads\/sites\/2\/2023\/03\/Protokoll-Finsam-211201.pdf\" class=\"wp-block-file__button wp-element-button\" download aria-describedby=\"wp-block-file--media-09c76421-7360-4803-9940-513a064f05af\">Ladda ner<\/a><\/div>\n\n\n\n<p>Styrelsem\u00f6te 211213<\/p>\n\n\n\n<div data-wp-interactive=\"core\/file\" class=\"wp-block-file\"><object data-wp-bind--hidden=\"!state.hasPdfPreview\" hidden class=\"wp-block-file__embed\" data=\"https:\/\/klasam.se\/ostravarmland\/wp-content\/uploads\/sites\/2\/2023\/03\/Protokoll-Finsam-211213.pdf\" type=\"application\/pdf\" style=\"width:100%;height:600px\" aria-label=\"Inb\u00e4ddning av Protokoll-Finsam-211213.\"><\/object><a id=\"wp-block-file--media-94dc06fb-3678-43f9-8b86-916c49cab044\" href=\"https:\/\/klasam.se\/ostravarmland\/wp-content\/uploads\/sites\/2\/2023\/03\/Protokoll-Finsam-211213.pdf\">Protokoll-Finsam-211213<\/a><a href=\"https:\/\/klasam.se\/ostravarmland\/wp-content\/uploads\/sites\/2\/2023\/03\/Protokoll-Finsam-211213.pdf\" class=\"wp-block-file__button wp-element-button\" download aria-describedby=\"wp-block-file--media-94dc06fb-3678-43f9-8b86-916c49cab044\">Ladda ner<\/a><\/div>\n","protected":false},"excerpt":{"rendered":"<p>Styrelsem\u00f6te 210217 Styrelsem\u00f6te 210416 Styrelsem\u00f6te 210601 Styrelsem\u00f6te 210929 Styrelsem\u00f6te 211029 Styrelsem\u00f6te 211201 Styrelsem\u00f6te 211213<\/p>\n","protected":false},"author":7,"featured_media":0,"parent":0,"menu_order":0,"comment_status":"closed","ping_status":"closed","template":"","meta":{"footnotes":""},"class_list":["post-1311","page","type-page","status-publish","hentry"],"yoast_head":"<!-- This site is optimized with the Yoast SEO plugin v27.3 - https:\/\/yoast.com\/product\/yoast-seo-wordpress\/ -->\n<title>Protokoll 2021 - Samordningsf\u00f6rbundet \u00d6stra V\u00e4rmland<\/title>\n<meta name=\"robots\" content=\"index, follow, max-snippet:-1, max-image-preview:large, max-video-preview:-1\" \/>\n<link rel=\"canonical\" href=\"https:\/\/klasam.se\/ostravarmland\/protokoll-2020\/\" \/>\n<meta property=\"og:locale\" content=\"sv_SE\" \/>\n<meta property=\"og:type\" content=\"article\" \/>\n<meta property=\"og:title\" content=\"Protokoll 2021 - Samordningsf\u00f6rbundet \u00d6stra V\u00e4rmland\" \/>\n<meta property=\"og:description\" content=\"Styrelsem\u00f6te 210217 Styrelsem\u00f6te 210416 Styrelsem\u00f6te 210601 Styrelsem\u00f6te 210929 Styrelsem\u00f6te 211029 Styrelsem\u00f6te 211201 Styrelsem\u00f6te 211213\" \/>\n<meta property=\"og:url\" content=\"https:\/\/klasam.se\/ostravarmland\/protokoll-2020\/\" \/>\n<meta property=\"og:site_name\" content=\"Samordningsf\u00f6rbundet \u00d6stra V\u00e4rmland\" \/>\n<meta property=\"article:modified_time\" content=\"2023-03-30T08:16:20+00:00\" \/>\n<meta name=\"twitter:card\" content=\"summary_large_image\" \/>\n<meta name=\"twitter:label1\" content=\"Ber\u00e4knad l\u00e4stid\" \/>\n\t<meta name=\"twitter:data1\" content=\"1 minut\" \/>\n<script type=\"application\/ld+json\" class=\"yoast-schema-graph\">{\"@context\":\"https:\\\/\\\/schema.org\",\"@graph\":[{\"@type\":\"WebPage\",\"@id\":\"https:\\\/\\\/klasam.se\\\/ostravarmland\\\/protokoll-2020\\\/\",\"url\":\"https:\\\/\\\/klasam.se\\\/ostravarmland\\\/protokoll-2020\\\/\",\"name\":\"Protokoll 2021 - Samordningsf\u00f6rbundet \u00d6stra V\u00e4rmland\",\"isPartOf\":{\"@id\":\"https:\\\/\\\/klasam.se\\\/ostravarmland\\\/#website\"},\"datePublished\":\"2020-02-20T12:50:04+00:00\",\"dateModified\":\"2023-03-30T08:16:20+00:00\",\"breadcrumb\":{\"@id\":\"https:\\\/\\\/klasam.se\\\/ostravarmland\\\/protokoll-2020\\\/#breadcrumb\"},\"inLanguage\":\"sv-SE\",\"potentialAction\":[{\"@type\":\"ReadAction\",\"target\":[\"https:\\\/\\\/klasam.se\\\/ostravarmland\\\/protokoll-2020\\\/\"]}]},{\"@type\":\"BreadcrumbList\",\"@id\":\"https:\\\/\\\/klasam.se\\\/ostravarmland\\\/protokoll-2020\\\/#breadcrumb\",\"itemListElement\":[{\"@type\":\"ListItem\",\"position\":1,\"name\":\"Home\",\"item\":\"https:\\\/\\\/klasam.se\\\/ostravarmland\\\/\"},{\"@type\":\"ListItem\",\"position\":2,\"name\":\"Protokoll 2021\"}]},{\"@type\":\"WebSite\",\"@id\":\"https:\\\/\\\/klasam.se\\\/ostravarmland\\\/#website\",\"url\":\"https:\\\/\\\/klasam.se\\\/ostravarmland\\\/\",\"name\":\"Samordningsf\u00f6rbundet \u00d6stra V\u00e4rmland\",\"description\":\"\",\"potentialAction\":[{\"@type\":\"SearchAction\",\"target\":{\"@type\":\"EntryPoint\",\"urlTemplate\":\"https:\\\/\\\/klasam.se\\\/ostravarmland\\\/?s={search_term_string}\"},\"query-input\":{\"@type\":\"PropertyValueSpecification\",\"valueRequired\":true,\"valueName\":\"search_term_string\"}}],\"inLanguage\":\"sv-SE\"}]}<\/script>\n<!-- \/ Yoast SEO plugin. -->","yoast_head_json":{"title":"Protokoll 2021 - Samordningsf\u00f6rbundet \u00d6stra V\u00e4rmland","robots":{"index":"index","follow":"follow","max-snippet":"max-snippet:-1","max-image-preview":"max-image-preview:large","max-video-preview":"max-video-preview:-1"},"canonical":"https:\/\/klasam.se\/ostravarmland\/protokoll-2020\/","og_locale":"sv_SE","og_type":"article","og_title":"Protokoll 2021 - Samordningsf\u00f6rbundet \u00d6stra V\u00e4rmland","og_description":"Styrelsem\u00f6te 210217 Styrelsem\u00f6te 210416 Styrelsem\u00f6te 210601 Styrelsem\u00f6te 210929 Styrelsem\u00f6te 211029 Styrelsem\u00f6te 211201 Styrelsem\u00f6te 211213","og_url":"https:\/\/klasam.se\/ostravarmland\/protokoll-2020\/","og_site_name":"Samordningsf\u00f6rbundet \u00d6stra V\u00e4rmland","article_modified_time":"2023-03-30T08:16:20+00:00","twitter_card":"summary_large_image","twitter_misc":{"Ber\u00e4knad l\u00e4stid":"1 minut"},"schema":{"@context":"https:\/\/schema.org","@graph":[{"@type":"WebPage","@id":"https:\/\/klasam.se\/ostravarmland\/protokoll-2020\/","url":"https:\/\/klasam.se\/ostravarmland\/protokoll-2020\/","name":"Protokoll 2021 - Samordningsf\u00f6rbundet \u00d6stra V\u00e4rmland","isPartOf":{"@id":"https:\/\/klasam.se\/ostravarmland\/#website"},"datePublished":"2020-02-20T12:50:04+00:00","dateModified":"2023-03-30T08:16:20+00:00","breadcrumb":{"@id":"https:\/\/klasam.se\/ostravarmland\/protokoll-2020\/#breadcrumb"},"inLanguage":"sv-SE","potentialAction":[{"@type":"ReadAction","target":["https:\/\/klasam.se\/ostravarmland\/protokoll-2020\/"]}]},{"@type":"BreadcrumbList","@id":"https:\/\/klasam.se\/ostravarmland\/protokoll-2020\/#breadcrumb","itemListElement":[{"@type":"ListItem","position":1,"name":"Home","item":"https:\/\/klasam.se\/ostravarmland\/"},{"@type":"ListItem","position":2,"name":"Protokoll 2021"}]},{"@type":"WebSite","@id":"https:\/\/klasam.se\/ostravarmland\/#website","url":"https:\/\/klasam.se\/ostravarmland\/","name":"Samordningsf\u00f6rbundet \u00d6stra V\u00e4rmland","description":"","potentialAction":[{"@type":"SearchAction","target":{"@type":"EntryPoint","urlTemplate":"https:\/\/klasam.se\/ostravarmland\/?s={search_term_string}"},"query-input":{"@type":"PropertyValueSpecification","valueRequired":true,"valueName":"search_term_string"}}],"inLanguage":"sv-SE"}]}},"_links":{"self":[{"href":"https:\/\/klasam.se\/ostravarmland\/wp-json\/wp\/v2\/pages\/1311","targetHints":{"allow":["GET"]}}],"collection":[{"href":"https:\/\/klasam.se\/ostravarmland\/wp-json\/wp\/v2\/pages"}],"about":[{"href":"https:\/\/klasam.se\/ostravarmland\/wp-json\/wp\/v2\/types\/page"}],"author":[{"embeddable":true,"href":"https:\/\/klasam.se\/ostravarmland\/wp-json\/wp\/v2\/users\/7"}],"replies":[{"embeddable":true,"href":"https:\/\/klasam.se\/ostravarmland\/wp-json\/wp\/v2\/comments?post=1311"}],"version-history":[{"count":2,"href":"https:\/\/klasam.se\/ostravarmland\/wp-json\/wp\/v2\/pages\/1311\/revisions"}],"predecessor-version":[{"id":2124,"href":"https:\/\/klasam.se\/ostravarmland\/wp-json\/wp\/v2\/pages\/1311\/revisions\/2124"}],"wp:attachment":[{"href":"https:\/\/klasam.se\/ostravarmland\/wp-json\/wp\/v2\/media?parent=1311"}],"curies":[{"name":"wp","href":"https:\/\/api.w.org\/{rel}","templated":true}]}}