{"id":10,"date":"2016-12-29T08:33:29","date_gmt":"2016-12-29T07:33:29","guid":{"rendered":"https:\/\/klasam.se\/?page_id=10"},"modified":"2022-10-03T14:40:58","modified_gmt":"2022-10-03T14:40:58","slug":"finsam","status":"publish","type":"page","link":"https:\/\/klasam.se\/ostravarmland\/om-forbundet\/finsam\/","title":{"rendered":"FINSAM"},"content":{"rendered":"<h1>Finsam<\/h1>\n<h2>Genom finansiell samordning&#8230;<\/h2>\n<p>inom rehabiliteringsomr\u00e5det finns m\u00f6jligheter till samordnade rehabiliteringsinsatser i syfte att uppn\u00e5 eller f\u00f6rb\u00e4ttra en enskilds f\u00f6rm\u00e5ga till f\u00f6rv\u00e4rvsarbete. Den finansiella samordningen mellan olika huvudm\u00e4n inom rehabiliterings- omr\u00e5det ska underl\u00e4tta en effektiv resursanv\u00e4ndning. De disponibla resurserna ska anv\u00e4ndas f\u00f6r samordnade insatser som syftar till att den enskilde ska uppn\u00e5 eller f\u00f6rb\u00e4ttra sin f\u00f6rm\u00e5ga till f\u00f6rv\u00e4rvsarbete.<\/p>\n<h2>F\u00f6r att finansiell samordning ska&#8230;<\/h2>\n<p>komma till st\u00e5nd kr\u00e4vs att F\u00f6rs\u00e4kringskassa, Arbetsf\u00f6rmedlingen, landsting\/region och kommun deltar som samverkande parter. Den finansiella samordningen ska bedrivas genom ett frist\u00e5ende samordningsf\u00f6rbund d\u00e4r parterna \u00e4r representerade. F\u00f6rs\u00e4kringskassan f\u00e5r disponera medel f\u00f6r sjukpenning till finansiell samordning.<br \/>\nDetta utg\u00f6r statens andel och ska d\u00e4rmed finansiera F\u00f6rs\u00e4kringskassans och Arbetsf\u00f6rmedlingens deltagande. Regionen ska bidra med en fj\u00e4rdedel och den eller de kommuner som deltar bidrar med en fj\u00e4rdedel av finansieringen. Samordningsf\u00f6rbundet \u00e4r en offentligr\u00e4ttslig juridisk person som har egen r\u00e4ttskapacitet.<\/p>\n<h2>M\u00e5lgruppen best\u00e5r av&#8230;<\/h2>\n<p>personer som \u00e4r i behov av samordnande rehabiliteringsinsatser fr\u00e5n flera av de samverkande parterna med det prim\u00e4ra syftet att uppn\u00e5 eller f\u00f6rb\u00e4ttra sin f\u00f6rm\u00e5ga till f\u00f6rv\u00e4rvsarbete. Ett annat viktigt syfte med finansiell samordning \u00e4r att f\u00f6rhindra att m\u00e4nniskor hamnar i en gr\u00e5zon mellan och f\u00f6rhindra rundg\u00e5ng mellan olika akt\u00f6rer.<\/p>\n<h2>Ett samordningsf\u00f6rbund ska&#8230;<\/h2>\n<p>besluta om m\u00e5l och riktlinjer f\u00f6r den finansiella samordningen samt st\u00f6dja samverkan mellan samverkansparterna. F\u00f6rbundet ska, inom ramen f\u00f6r den finansiella samordningen, finansiera samordnade rehabiliteringsinsatser och andra aktiva \u00e5tg\u00e4rder inom de samverkande parternas ansvarsomr\u00e5de. F\u00f6rbundet svarar ocks\u00e5 f\u00f6r lokal uppf\u00f6ljning och utv\u00e4rdering. D\u00e4remot f\u00e5r samordningsf\u00f6rbundet inte \u00e4gna sig \u00e5t myndighetsut\u00f6vning gentemot enskilda personer. Det ansvarar s\u00e5ledes inte f\u00f6r rehabiliteringsinsatser och andra aktiva \u00e5tg\u00e4rder i enskilda fall. De samverkande parterna beh\u00e5ller sitt nuvarande ansvar f\u00f6r rehabilitering av och annat st\u00f6d till enskilda personer. Rehabiliteringsinsatser och andra aktiva \u00e5tg\u00e4rder beviljas i de enskilda fallen av respektive samverkande part.<\/p>\n<p><a href=\"http:\/\/web.archive.org\/web\/20160508040452\/http:\/\/www.susam.se\/finsam\/om_finsam\/\" target=\"_blank\" rel=\"noopener\">Lag\u00a0om finansiell samordning &gt;&gt;<\/a><\/p>\n","protected":false},"excerpt":{"rendered":"<p>Finsam Genom finansiell samordning&#8230; inom rehabiliteringsomr\u00e5det finns m\u00f6jligheter till samordnade rehabiliteringsinsatser i syfte att uppn\u00e5 eller f\u00f6rb\u00e4ttra en enskilds f\u00f6rm\u00e5ga till f\u00f6rv\u00e4rvsarbete. Den finansiella samordningen mellan olika huvudm\u00e4n inom rehabiliterings- omr\u00e5det ska underl\u00e4tta en effektiv resursanv\u00e4ndning. De disponibla resurserna ska anv\u00e4ndas f\u00f6r samordnade insatser som syftar till att den enskilde ska uppn\u00e5 eller f\u00f6rb\u00e4ttra sin [&hellip;]<\/p>\n","protected":false},"author":7,"featured_media":0,"parent":4,"menu_order":0,"comment_status":"closed","ping_status":"closed","template":"","meta":{"footnotes":""},"class_list":["post-10","page","type-page","status-publish","hentry"],"yoast_head":"<!-- This site is optimized with the Yoast SEO plugin v27.3 - https:\/\/yoast.com\/product\/yoast-seo-wordpress\/ -->\n<title>FINSAM - Samordningsf\u00f6rbundet \u00d6stra V\u00e4rmland<\/title>\n<meta name=\"robots\" content=\"index, follow, max-snippet:-1, max-image-preview:large, max-video-preview:-1\" \/>\n<link rel=\"canonical\" href=\"https:\/\/klasam.se\/ostravarmland\/om-forbundet\/finsam\/\" \/>\n<meta property=\"og:locale\" content=\"sv_SE\" \/>\n<meta property=\"og:type\" content=\"article\" \/>\n<meta property=\"og:title\" content=\"FINSAM - Samordningsf\u00f6rbundet \u00d6stra V\u00e4rmland\" \/>\n<meta property=\"og:description\" content=\"Finsam Genom finansiell samordning&#8230; inom rehabiliteringsomr\u00e5det finns m\u00f6jligheter till samordnade rehabiliteringsinsatser i syfte att uppn\u00e5 eller f\u00f6rb\u00e4ttra en enskilds f\u00f6rm\u00e5ga till f\u00f6rv\u00e4rvsarbete. Den finansiella samordningen mellan olika huvudm\u00e4n inom rehabiliterings- omr\u00e5det ska underl\u00e4tta en effektiv resursanv\u00e4ndning. De disponibla resurserna ska anv\u00e4ndas f\u00f6r samordnade insatser som syftar till att den enskilde ska uppn\u00e5 eller f\u00f6rb\u00e4ttra sin [&hellip;]\" \/>\n<meta property=\"og:url\" content=\"https:\/\/klasam.se\/ostravarmland\/om-forbundet\/finsam\/\" \/>\n<meta property=\"og:site_name\" content=\"Samordningsf\u00f6rbundet \u00d6stra V\u00e4rmland\" \/>\n<meta property=\"article:modified_time\" content=\"2022-10-03T14:40:58+00:00\" \/>\n<meta name=\"twitter:card\" content=\"summary_large_image\" \/>\n<meta name=\"twitter:label1\" content=\"Ber\u00e4knad l\u00e4stid\" \/>\n\t<meta name=\"twitter:data1\" content=\"2 minuter\" \/>\n<script type=\"application\/ld+json\" class=\"yoast-schema-graph\">{\"@context\":\"https:\\\/\\\/schema.org\",\"@graph\":[{\"@type\":\"WebPage\",\"@id\":\"https:\\\/\\\/klasam.se\\\/ostravarmland\\\/om-forbundet\\\/finsam\\\/\",\"url\":\"https:\\\/\\\/klasam.se\\\/ostravarmland\\\/om-forbundet\\\/finsam\\\/\",\"name\":\"FINSAM - Samordningsf\u00f6rbundet \u00d6stra V\u00e4rmland\",\"isPartOf\":{\"@id\":\"https:\\\/\\\/klasam.se\\\/ostravarmland\\\/#website\"},\"datePublished\":\"2016-12-29T07:33:29+00:00\",\"dateModified\":\"2022-10-03T14:40:58+00:00\",\"breadcrumb\":{\"@id\":\"https:\\\/\\\/klasam.se\\\/ostravarmland\\\/om-forbundet\\\/finsam\\\/#breadcrumb\"},\"inLanguage\":\"sv-SE\",\"potentialAction\":[{\"@type\":\"ReadAction\",\"target\":[\"https:\\\/\\\/klasam.se\\\/ostravarmland\\\/om-forbundet\\\/finsam\\\/\"]}]},{\"@type\":\"BreadcrumbList\",\"@id\":\"https:\\\/\\\/klasam.se\\\/ostravarmland\\\/om-forbundet\\\/finsam\\\/#breadcrumb\",\"itemListElement\":[{\"@type\":\"ListItem\",\"position\":1,\"name\":\"Home\",\"item\":\"https:\\\/\\\/klasam.se\\\/ostravarmland\\\/\"},{\"@type\":\"ListItem\",\"position\":2,\"name\":\"Om F\u00f6rbundet\",\"item\":\"https:\\\/\\\/klasam.se\\\/ostravarmland\\\/om-forbundet\\\/\"},{\"@type\":\"ListItem\",\"position\":3,\"name\":\"FINSAM\"}]},{\"@type\":\"WebSite\",\"@id\":\"https:\\\/\\\/klasam.se\\\/ostravarmland\\\/#website\",\"url\":\"https:\\\/\\\/klasam.se\\\/ostravarmland\\\/\",\"name\":\"Samordningsf\u00f6rbundet \u00d6stra V\u00e4rmland\",\"description\":\"\",\"potentialAction\":[{\"@type\":\"SearchAction\",\"target\":{\"@type\":\"EntryPoint\",\"urlTemplate\":\"https:\\\/\\\/klasam.se\\\/ostravarmland\\\/?s={search_term_string}\"},\"query-input\":{\"@type\":\"PropertyValueSpecification\",\"valueRequired\":true,\"valueName\":\"search_term_string\"}}],\"inLanguage\":\"sv-SE\"}]}<\/script>\n<!-- \/ Yoast SEO plugin. -->","yoast_head_json":{"title":"FINSAM - Samordningsf\u00f6rbundet \u00d6stra V\u00e4rmland","robots":{"index":"index","follow":"follow","max-snippet":"max-snippet:-1","max-image-preview":"max-image-preview:large","max-video-preview":"max-video-preview:-1"},"canonical":"https:\/\/klasam.se\/ostravarmland\/om-forbundet\/finsam\/","og_locale":"sv_SE","og_type":"article","og_title":"FINSAM - Samordningsf\u00f6rbundet \u00d6stra V\u00e4rmland","og_description":"Finsam Genom finansiell samordning&#8230; inom rehabiliteringsomr\u00e5det finns m\u00f6jligheter till samordnade rehabiliteringsinsatser i syfte att uppn\u00e5 eller f\u00f6rb\u00e4ttra en enskilds f\u00f6rm\u00e5ga till f\u00f6rv\u00e4rvsarbete. Den finansiella samordningen mellan olika huvudm\u00e4n inom rehabiliterings- omr\u00e5det ska underl\u00e4tta en effektiv resursanv\u00e4ndning. De disponibla resurserna ska anv\u00e4ndas f\u00f6r samordnade insatser som syftar till att den enskilde ska uppn\u00e5 eller f\u00f6rb\u00e4ttra sin [&hellip;]","og_url":"https:\/\/klasam.se\/ostravarmland\/om-forbundet\/finsam\/","og_site_name":"Samordningsf\u00f6rbundet \u00d6stra V\u00e4rmland","article_modified_time":"2022-10-03T14:40:58+00:00","twitter_card":"summary_large_image","twitter_misc":{"Ber\u00e4knad l\u00e4stid":"2 minuter"},"schema":{"@context":"https:\/\/schema.org","@graph":[{"@type":"WebPage","@id":"https:\/\/klasam.se\/ostravarmland\/om-forbundet\/finsam\/","url":"https:\/\/klasam.se\/ostravarmland\/om-forbundet\/finsam\/","name":"FINSAM - Samordningsf\u00f6rbundet \u00d6stra V\u00e4rmland","isPartOf":{"@id":"https:\/\/klasam.se\/ostravarmland\/#website"},"datePublished":"2016-12-29T07:33:29+00:00","dateModified":"2022-10-03T14:40:58+00:00","breadcrumb":{"@id":"https:\/\/klasam.se\/ostravarmland\/om-forbundet\/finsam\/#breadcrumb"},"inLanguage":"sv-SE","potentialAction":[{"@type":"ReadAction","target":["https:\/\/klasam.se\/ostravarmland\/om-forbundet\/finsam\/"]}]},{"@type":"BreadcrumbList","@id":"https:\/\/klasam.se\/ostravarmland\/om-forbundet\/finsam\/#breadcrumb","itemListElement":[{"@type":"ListItem","position":1,"name":"Home","item":"https:\/\/klasam.se\/ostravarmland\/"},{"@type":"ListItem","position":2,"name":"Om F\u00f6rbundet","item":"https:\/\/klasam.se\/ostravarmland\/om-forbundet\/"},{"@type":"ListItem","position":3,"name":"FINSAM"}]},{"@type":"WebSite","@id":"https:\/\/klasam.se\/ostravarmland\/#website","url":"https:\/\/klasam.se\/ostravarmland\/","name":"Samordningsf\u00f6rbundet \u00d6stra V\u00e4rmland","description":"","potentialAction":[{"@type":"SearchAction","target":{"@type":"EntryPoint","urlTemplate":"https:\/\/klasam.se\/ostravarmland\/?s={search_term_string}"},"query-input":{"@type":"PropertyValueSpecification","valueRequired":true,"valueName":"search_term_string"}}],"inLanguage":"sv-SE"}]}},"_links":{"self":[{"href":"https:\/\/klasam.se\/ostravarmland\/wp-json\/wp\/v2\/pages\/10","targetHints":{"allow":["GET"]}}],"collection":[{"href":"https:\/\/klasam.se\/ostravarmland\/wp-json\/wp\/v2\/pages"}],"about":[{"href":"https:\/\/klasam.se\/ostravarmland\/wp-json\/wp\/v2\/types\/page"}],"author":[{"embeddable":true,"href":"https:\/\/klasam.se\/ostravarmland\/wp-json\/wp\/v2\/users\/7"}],"replies":[{"embeddable":true,"href":"https:\/\/klasam.se\/ostravarmland\/wp-json\/wp\/v2\/comments?post=10"}],"version-history":[{"count":1,"href":"https:\/\/klasam.se\/ostravarmland\/wp-json\/wp\/v2\/pages\/10\/revisions"}],"predecessor-version":[{"id":1987,"href":"https:\/\/klasam.se\/ostravarmland\/wp-json\/wp\/v2\/pages\/10\/revisions\/1987"}],"up":[{"embeddable":true,"href":"https:\/\/klasam.se\/ostravarmland\/wp-json\/wp\/v2\/pages\/4"}],"wp:attachment":[{"href":"https:\/\/klasam.se\/ostravarmland\/wp-json\/wp\/v2\/media?parent=10"}],"curies":[{"name":"wp","href":"https:\/\/api.w.org\/{rel}","templated":true}]}}