{"id":2427,"date":"2025-01-27T10:59:06","date_gmt":"2025-01-27T09:59:06","guid":{"rendered":"https:\/\/klasam.se\/klasam\/?page_id=2427"},"modified":"2025-12-01T10:23:17","modified_gmt":"2025-12-01T09:23:17","slug":"protokoll-2025","status":"publish","type":"page","link":"https:\/\/klasam.se\/klasam\/protokoll-2025\/","title":{"rendered":"Protokoll 2025"},"content":{"rendered":"\n<p>Styrelsem\u00f6te 19 november<\/p>\n\n\n\n<div class=\"wp-block-file\"><a id=\"wp-block-file--media-db2babee-b169-40cb-81eb-8cf9c10ab033\" href=\"https:\/\/klasam.se\/klasam\/wp-content\/uploads\/sites\/1\/2025\/12\/Protokoll-251119-1.pdf\">Protokoll 251119<\/a><a href=\"https:\/\/klasam.se\/klasam\/wp-content\/uploads\/sites\/1\/2025\/12\/Protokoll-251119-1.pdf\" class=\"wp-block-file__button wp-element-button\" download aria-describedby=\"wp-block-file--media-db2babee-b169-40cb-81eb-8cf9c10ab033\">Ladda ner<\/a><\/div>\n\n\n\n<p>Styrelsem\u00f6te 19 september<\/p>\n\n\n\n<div class=\"wp-block-file\"><a id=\"wp-block-file--media-460057ef-951d-46f1-9910-682d6408b39b\" href=\"https:\/\/klasam.se\/klasam\/wp-content\/uploads\/sites\/1\/2025\/09\/Protokoll-250917-1.pdf\">Protokoll 250917<\/a><a href=\"https:\/\/klasam.se\/klasam\/wp-content\/uploads\/sites\/1\/2025\/09\/Protokoll-250917-1.pdf\" class=\"wp-block-file__button wp-element-button\" download aria-describedby=\"wp-block-file--media-460057ef-951d-46f1-9910-682d6408b39b\">Ladda ner<\/a><\/div>\n\n\n\n<p>Styrelsem\u00f6te 21 maj<\/p>\n\n\n\n<div class=\"wp-block-file\"><a id=\"wp-block-file--media-fc722e58-d2dc-48fa-97c1-265151a21967\" href=\"https:\/\/klasam.se\/klasam\/wp-content\/uploads\/sites\/1\/2025\/05\/Protokoll-250521-1.pdf\">Protokoll 250521<\/a><a href=\"https:\/\/klasam.se\/klasam\/wp-content\/uploads\/sites\/1\/2025\/05\/Protokoll-250521-1.pdf\" class=\"wp-block-file__button wp-element-button\" download aria-describedby=\"wp-block-file--media-fc722e58-d2dc-48fa-97c1-265151a21967\">Ladda ner<\/a><\/div>\n\n\n\n<p>Styrelsem\u00f6te 19 mars<\/p>\n\n\n\n<div class=\"wp-block-file\"><a id=\"wp-block-file--media-1bd44659-ea85-4d4e-b42d-426bc7c6f917\" href=\"https:\/\/klasam.se\/klasam\/wp-content\/uploads\/sites\/1\/2025\/03\/Protokoll-250319-1.pdf\">Protokoll 250319<\/a><a href=\"https:\/\/klasam.se\/klasam\/wp-content\/uploads\/sites\/1\/2025\/03\/Protokoll-250319-1.pdf\" class=\"wp-block-file__button wp-element-button\" download aria-describedby=\"wp-block-file--media-1bd44659-ea85-4d4e-b42d-426bc7c6f917\">Ladda ner<\/a><\/div>\n\n\n\n<p>Styrelsem\u00f6te 22 januari <\/p>\n\n\n\n<div class=\"wp-block-file\"><a id=\"wp-block-file--media-26f79047-c03e-48fb-a4d2-0a4566ee8f82\" href=\"https:\/\/klasam.se\/klasam\/wp-content\/uploads\/sites\/1\/2025\/01\/Protokoll-250122-1.pdf\">Protokoll 250122<\/a><a href=\"https:\/\/klasam.se\/klasam\/wp-content\/uploads\/sites\/1\/2025\/01\/Protokoll-250122-1.pdf\" class=\"wp-block-file__button wp-element-button\" download aria-describedby=\"wp-block-file--media-26f79047-c03e-48fb-a4d2-0a4566ee8f82\">Ladda ner<\/a><\/div>\n","protected":false},"excerpt":{"rendered":"<p>Styrelsem\u00f6te 19 november Styrelsem\u00f6te 19 september Styrelsem\u00f6te 21 maj Styrelsem\u00f6te 19 mars Styrelsem\u00f6te 22 januari<\/p>\n","protected":false},"author":7,"featured_media":0,"parent":0,"menu_order":0,"comment_status":"closed","ping_status":"closed","template":"","meta":{"footnotes":""},"class_list":["post-2427","page","type-page","status-publish","hentry"],"yoast_head":"<!-- This site is optimized with the Yoast SEO plugin v27.4 - https:\/\/yoast.com\/product\/yoast-seo-wordpress\/ -->\n<title>Protokoll 2025 - Klar\u00e4lvdalens Samordningsf\u00f6rbund<\/title>\n<meta name=\"robots\" content=\"index, follow, max-snippet:-1, max-image-preview:large, max-video-preview:-1\" \/>\n<link rel=\"canonical\" href=\"https:\/\/klasam.se\/klasam\/protokoll-2025\/\" \/>\n<meta property=\"og:locale\" content=\"sv_SE\" \/>\n<meta property=\"og:type\" content=\"article\" \/>\n<meta property=\"og:title\" content=\"Protokoll 2025 - Klar\u00e4lvdalens Samordningsf\u00f6rbund\" \/>\n<meta property=\"og:description\" content=\"Styrelsem\u00f6te 19 november Styrelsem\u00f6te 19 september Styrelsem\u00f6te 21 maj Styrelsem\u00f6te 19 mars Styrelsem\u00f6te 22 januari\" \/>\n<meta property=\"og:url\" content=\"https:\/\/klasam.se\/klasam\/protokoll-2025\/\" \/>\n<meta property=\"og:site_name\" content=\"Klar\u00e4lvdalens Samordningsf\u00f6rbund\" \/>\n<meta property=\"article:modified_time\" content=\"2025-12-01T09:23:17+00:00\" \/>\n<meta name=\"twitter:card\" content=\"summary_large_image\" \/>\n<meta name=\"twitter:label1\" content=\"Ber\u00e4knad l\u00e4stid\" \/>\n\t<meta name=\"twitter:data1\" content=\"1 minut\" \/>\n<script type=\"application\/ld+json\" class=\"yoast-schema-graph\">{\"@context\":\"https:\\\/\\\/schema.org\",\"@graph\":[{\"@type\":\"WebPage\",\"@id\":\"https:\\\/\\\/klasam.se\\\/klasam\\\/protokoll-2025\\\/\",\"url\":\"https:\\\/\\\/klasam.se\\\/klasam\\\/protokoll-2025\\\/\",\"name\":\"Protokoll 2025 - Klar\u00e4lvdalens Samordningsf\u00f6rbund\",\"isPartOf\":{\"@id\":\"https:\\\/\\\/klasam.se\\\/klasam\\\/#website\"},\"datePublished\":\"2025-01-27T09:59:06+00:00\",\"dateModified\":\"2025-12-01T09:23:17+00:00\",\"breadcrumb\":{\"@id\":\"https:\\\/\\\/klasam.se\\\/klasam\\\/protokoll-2025\\\/#breadcrumb\"},\"inLanguage\":\"sv-SE\",\"potentialAction\":[{\"@type\":\"ReadAction\",\"target\":[\"https:\\\/\\\/klasam.se\\\/klasam\\\/protokoll-2025\\\/\"]}]},{\"@type\":\"BreadcrumbList\",\"@id\":\"https:\\\/\\\/klasam.se\\\/klasam\\\/protokoll-2025\\\/#breadcrumb\",\"itemListElement\":[{\"@type\":\"ListItem\",\"position\":1,\"name\":\"Home\",\"item\":\"https:\\\/\\\/klasam.se\\\/klasam\\\/\"},{\"@type\":\"ListItem\",\"position\":2,\"name\":\"Protokoll 2025\"}]},{\"@type\":\"WebSite\",\"@id\":\"https:\\\/\\\/klasam.se\\\/klasam\\\/#website\",\"url\":\"https:\\\/\\\/klasam.se\\\/klasam\\\/\",\"name\":\"Klar\u00e4lvdalens Samordningsf\u00f6rbund\",\"description\":\"Arbete och nya m\u00f6jligheter f\u00f6r alla\",\"publisher\":{\"@id\":\"https:\\\/\\\/klasam.se\\\/klasam\\\/#organization\"},\"potentialAction\":[{\"@type\":\"SearchAction\",\"target\":{\"@type\":\"EntryPoint\",\"urlTemplate\":\"https:\\\/\\\/klasam.se\\\/klasam\\\/?s={search_term_string}\"},\"query-input\":{\"@type\":\"PropertyValueSpecification\",\"valueRequired\":true,\"valueName\":\"search_term_string\"}}],\"inLanguage\":\"sv-SE\"},{\"@type\":\"Organization\",\"@id\":\"https:\\\/\\\/klasam.se\\\/klasam\\\/#organization\",\"name\":\"Klar\u00e4lvdalens Samordningsf\u00f6rbund\",\"url\":\"https:\\\/\\\/klasam.se\\\/klasam\\\/\",\"logo\":{\"@type\":\"ImageObject\",\"inLanguage\":\"sv-SE\",\"@id\":\"https:\\\/\\\/klasam.se\\\/klasam\\\/#\\\/schema\\\/logo\\\/image\\\/\",\"url\":\"https:\\\/\\\/klasam.se\\\/klasam\\\/wp-content\\\/uploads\\\/sites\\\/1\\\/2024\\\/06\\\/Klaralvdalens-Samordningsforbund-Logotyp-Liggande-750-Transparant.png\",\"contentUrl\":\"https:\\\/\\\/klasam.se\\\/klasam\\\/wp-content\\\/uploads\\\/sites\\\/1\\\/2024\\\/06\\\/Klaralvdalens-Samordningsforbund-Logotyp-Liggande-750-Transparant.png\",\"width\":750,\"height\":216,\"caption\":\"Klar\u00e4lvdalens Samordningsf\u00f6rbund\"},\"image\":{\"@id\":\"https:\\\/\\\/klasam.se\\\/klasam\\\/#\\\/schema\\\/logo\\\/image\\\/\"}}]}<\/script>\n<!-- \/ Yoast SEO plugin. -->","yoast_head_json":{"title":"Protokoll 2025 - Klar\u00e4lvdalens Samordningsf\u00f6rbund","robots":{"index":"index","follow":"follow","max-snippet":"max-snippet:-1","max-image-preview":"max-image-preview:large","max-video-preview":"max-video-preview:-1"},"canonical":"https:\/\/klasam.se\/klasam\/protokoll-2025\/","og_locale":"sv_SE","og_type":"article","og_title":"Protokoll 2025 - Klar\u00e4lvdalens Samordningsf\u00f6rbund","og_description":"Styrelsem\u00f6te 19 november Styrelsem\u00f6te 19 september Styrelsem\u00f6te 21 maj Styrelsem\u00f6te 19 mars Styrelsem\u00f6te 22 januari","og_url":"https:\/\/klasam.se\/klasam\/protokoll-2025\/","og_site_name":"Klar\u00e4lvdalens Samordningsf\u00f6rbund","article_modified_time":"2025-12-01T09:23:17+00:00","twitter_card":"summary_large_image","twitter_misc":{"Ber\u00e4knad l\u00e4stid":"1 minut"},"schema":{"@context":"https:\/\/schema.org","@graph":[{"@type":"WebPage","@id":"https:\/\/klasam.se\/klasam\/protokoll-2025\/","url":"https:\/\/klasam.se\/klasam\/protokoll-2025\/","name":"Protokoll 2025 - Klar\u00e4lvdalens Samordningsf\u00f6rbund","isPartOf":{"@id":"https:\/\/klasam.se\/klasam\/#website"},"datePublished":"2025-01-27T09:59:06+00:00","dateModified":"2025-12-01T09:23:17+00:00","breadcrumb":{"@id":"https:\/\/klasam.se\/klasam\/protokoll-2025\/#breadcrumb"},"inLanguage":"sv-SE","potentialAction":[{"@type":"ReadAction","target":["https:\/\/klasam.se\/klasam\/protokoll-2025\/"]}]},{"@type":"BreadcrumbList","@id":"https:\/\/klasam.se\/klasam\/protokoll-2025\/#breadcrumb","itemListElement":[{"@type":"ListItem","position":1,"name":"Home","item":"https:\/\/klasam.se\/klasam\/"},{"@type":"ListItem","position":2,"name":"Protokoll 2025"}]},{"@type":"WebSite","@id":"https:\/\/klasam.se\/klasam\/#website","url":"https:\/\/klasam.se\/klasam\/","name":"Klar\u00e4lvdalens Samordningsf\u00f6rbund","description":"Arbete och nya m\u00f6jligheter f\u00f6r alla","publisher":{"@id":"https:\/\/klasam.se\/klasam\/#organization"},"potentialAction":[{"@type":"SearchAction","target":{"@type":"EntryPoint","urlTemplate":"https:\/\/klasam.se\/klasam\/?s={search_term_string}"},"query-input":{"@type":"PropertyValueSpecification","valueRequired":true,"valueName":"search_term_string"}}],"inLanguage":"sv-SE"},{"@type":"Organization","@id":"https:\/\/klasam.se\/klasam\/#organization","name":"Klar\u00e4lvdalens Samordningsf\u00f6rbund","url":"https:\/\/klasam.se\/klasam\/","logo":{"@type":"ImageObject","inLanguage":"sv-SE","@id":"https:\/\/klasam.se\/klasam\/#\/schema\/logo\/image\/","url":"https:\/\/klasam.se\/klasam\/wp-content\/uploads\/sites\/1\/2024\/06\/Klaralvdalens-Samordningsforbund-Logotyp-Liggande-750-Transparant.png","contentUrl":"https:\/\/klasam.se\/klasam\/wp-content\/uploads\/sites\/1\/2024\/06\/Klaralvdalens-Samordningsforbund-Logotyp-Liggande-750-Transparant.png","width":750,"height":216,"caption":"Klar\u00e4lvdalens Samordningsf\u00f6rbund"},"image":{"@id":"https:\/\/klasam.se\/klasam\/#\/schema\/logo\/image\/"}}]}},"_links":{"self":[{"href":"https:\/\/klasam.se\/klasam\/wp-json\/wp\/v2\/pages\/2427","targetHints":{"allow":["GET"]}}],"collection":[{"href":"https:\/\/klasam.se\/klasam\/wp-json\/wp\/v2\/pages"}],"about":[{"href":"https:\/\/klasam.se\/klasam\/wp-json\/wp\/v2\/types\/page"}],"author":[{"embeddable":true,"href":"https:\/\/klasam.se\/klasam\/wp-json\/wp\/v2\/users\/7"}],"replies":[{"embeddable":true,"href":"https:\/\/klasam.se\/klasam\/wp-json\/wp\/v2\/comments?post=2427"}],"version-history":[{"count":5,"href":"https:\/\/klasam.se\/klasam\/wp-json\/wp\/v2\/pages\/2427\/revisions"}],"predecessor-version":[{"id":2510,"href":"https:\/\/klasam.se\/klasam\/wp-json\/wp\/v2\/pages\/2427\/revisions\/2510"}],"wp:attachment":[{"href":"https:\/\/klasam.se\/klasam\/wp-json\/wp\/v2\/media?parent=2427"}],"curies":[{"name":"wp","href":"https:\/\/api.w.org\/{rel}","templated":true}]}}

<p>Styrelsemöte 19 november</p>



<div class="wp-block-file"><a id="wp-block-file--media-db2babee-b169-40cb-81eb-8cf9c10ab033" href="https://klasam.se/klasam/wp-content/uploads/sites/1/2025/12/Protokoll-251119-1.pdf">Protokoll 251119</a><a href="https://klasam.se/klasam/wp-content/uploads/sites/1/2025/12/Protokoll-251119-1.pdf" class="wp-block-file__button wp-element-button" download aria-describedby="wp-block-file--media-db2babee-b169-40cb-81eb-8cf9c10ab033">Ladda ner</a></div>



<p>Styrelsemöte 19 september</p>



<div class="wp-block-file"><a id="wp-block-file--media-460057ef-951d-46f1-9910-682d6408b39b" href="https://klasam.se/klasam/wp-content/uploads/sites/1/2025/09/Protokoll-250917-1.pdf">Protokoll 250917</a><a href="https://klasam.se/klasam/wp-content/uploads/sites/1/2025/09/Protokoll-250917-1.pdf" class="wp-block-file__button wp-element-button" download aria-describedby="wp-block-file--media-460057ef-951d-46f1-9910-682d6408b39b">Ladda ner</a></div>



<p>Styrelsemöte 21 maj</p>



<div class="wp-block-file"><a id="wp-block-file--media-fc722e58-d2dc-48fa-97c1-265151a21967" href="https://klasam.se/klasam/wp-content/uploads/sites/1/2025/05/Protokoll-250521-1.pdf">Protokoll 250521</a><a href="https://klasam.se/klasam/wp-content/uploads/sites/1/2025/05/Protokoll-250521-1.pdf" class="wp-block-file__button wp-element-button" download aria-describedby="wp-block-file--media-fc722e58-d2dc-48fa-97c1-265151a21967">Ladda ner</a></div>



<p>Styrelsemöte 19 mars</p>



<div class="wp-block-file"><a id="wp-block-file--media-1bd44659-ea85-4d4e-b42d-426bc7c6f917" href="https://klasam.se/klasam/wp-content/uploads/sites/1/2025/03/Protokoll-250319-1.pdf">Protokoll 250319</a><a href="https://klasam.se/klasam/wp-content/uploads/sites/1/2025/03/Protokoll-250319-1.pdf" class="wp-block-file__button wp-element-button" download aria-describedby="wp-block-file--media-1bd44659-ea85-4d4e-b42d-426bc7c6f917">Ladda ner</a></div>



<p>Styrelsemöte 22 januari </p>



<div class="wp-block-file"><a id="wp-block-file--media-26f79047-c03e-48fb-a4d2-0a4566ee8f82" href="https://klasam.se/klasam/wp-content/uploads/sites/1/2025/01/Protokoll-250122-1.pdf">Protokoll 250122</a><a href="https://klasam.se/klasam/wp-content/uploads/sites/1/2025/01/Protokoll-250122-1.pdf" class="wp-block-file__button wp-element-button" download aria-describedby="wp-block-file--media-26f79047-c03e-48fb-a4d2-0a4566ee8f82">Ladda ner</a></div>

<p>Styrelsemöte 19 november Styrelsemöte 19 september Styrelsemöte 21 maj Styrelsemöte 19 mars Styrelsemöte 22 januari</p>

<!-- This site is optimized with the Yoast SEO plugin v27.4 - https://yoast.com/product/yoast-seo-wordpress/ -->
<title>Protokoll 2025 - Klarälvdalens Samordningsförbund</title>
<meta name="robots" content="index, follow, max-snippet:-1, max-image-preview:large, max-video-preview:-1" />
<link rel="canonical" href="https://klasam.se/klasam/protokoll-2025/" />
<meta property="og:locale" content="sv_SE" />
<meta property="og:type" content="article" />
<meta property="og:title" content="Protokoll 2025 - Klarälvdalens Samordningsförbund" />
<meta property="og:description" content="Styrelsemöte 19 november Styrelsemöte 19 september Styrelsemöte 21 maj Styrelsemöte 19 mars Styrelsemöte 22 januari" />
<meta property="og:url" content="https://klasam.se/klasam/protokoll-2025/" />
<meta property="og:site_name" content="Klarälvdalens Samordningsförbund" />
<meta property="article:modified_time" content="2025-12-01T09:23:17+00:00" />
<meta name="twitter:card" content="summary_large_image" />
<meta name="twitter:label1" content="Beräknad lästid" />
	<meta name="twitter:data1" content="1 minut" />
<script type="application/ld+json" class="yoast-schema-graph">{"@context":"https:\/\/schema.org","@graph":[{"@type":"WebPage","@id":"https:\/\/klasam.se\/klasam\/protokoll-2025\/","url":"https:\/\/klasam.se\/klasam\/protokoll-2025\/","name":"Protokoll 2025 - Klarälvdalens Samordningsförbund","isPartOf":{"@id":"https:\/\/klasam.se\/klasam\/#website"},"datePublished":"2025-01-27T09:59:06+00:00","dateModified":"2025-12-01T09:23:17+00:00","breadcrumb":{"@id":"https:\/\/klasam.se\/klasam\/protokoll-2025\/#breadcrumb"},"inLanguage":"sv-SE","potentialAction":[{"@type":"ReadAction","target":["https:\/\/klasam.se\/klasam\/protokoll-2025\/"]}]},{"@type":"BreadcrumbList","@id":"https:\/\/klasam.se\/klasam\/protokoll-2025\/#breadcrumb","itemListElement":[{"@type":"ListItem","position":1,"name":"Home","item":"https:\/\/klasam.se\/klasam\/"},{"@type":"ListItem","position":2,"name":"Protokoll 2025"}]},{"@type":"WebSite","@id":"https:\/\/klasam.se\/klasam\/#website","url":"https:\/\/klasam.se\/klasam\/","name":"Klarälvdalens Samordningsförbund","description":"Arbete och nya möjligheter för alla","publisher":{"@id":"https:\/\/klasam.se\/klasam\/#organization"},"potentialAction":[{"@type":"SearchAction","target":{"@type":"EntryPoint","urlTemplate":"https:\/\/klasam.se\/klasam\/?s={search_term_string}"},"query-input":{"@type":"PropertyValueSpecification","valueRequired":true,"valueName":"search_term_string"}}],"inLanguage":"sv-SE"},{"@type":"Organization","@id":"https:\/\/klasam.se\/klasam\/#organization","name":"Klarälvdalens Samordningsförbund","url":"https:\/\/klasam.se\/klasam\/","logo":{"@type":"ImageObject","inLanguage":"sv-SE","@id":"https:\/\/klasam.se\/klasam\/#\/schema\/logo\/image\/","url":"https:\/\/klasam.se\/klasam\/wp-content\/uploads\/sites\/1\/2024\/06\/Klaralvdalens-Samordningsforbund-Logotyp-Liggande-750-Transparant.png","contentUrl":"https:\/\/klasam.se\/klasam\/wp-content\/uploads\/sites\/1\/2024\/06\/Klaralvdalens-Samordningsforbund-Logotyp-Liggande-750-Transparant.png","width":750,"height":216,"caption":"Klarälvdalens Samordningsförbund"},"image":{"@id":"https:\/\/klasam.se\/klasam\/#\/schema\/logo\/image\/"}}]}</script>
<!-- / Yoast SEO plugin. -->

Protokoll 2025 - Klarälvdalens Samordningsförbund

Styrelsemöte 19 november Styrelsemöte 19 september Styrelsemöte 21 maj Styrelsemöte 19 mars Styrelsemöte 22 januari

Klarälvdalens Samordningsförbund

Arbete och nya möjligheter för alla
