{"id":1812,"date":"2022-03-02T13:57:15","date_gmt":"2022-03-02T12:57:15","guid":{"rendered":"https:\/\/klasam.se\/?page_id=1812"},"modified":"2026-02-18T08:28:38","modified_gmt":"2026-02-18T07:28:38","slug":"nns-nationella-indikatorrapport-2021","status":"publish","type":"page","link":"https:\/\/klasam.se\/klasam\/nns-nationella-indikatorrapport-2021\/","title":{"rendered":"NNS nationella indikatorrapport 2025"},"content":{"rendered":"\n<p>NNS, Nationella n\u00e4tverket f\u00f6r samordningsf\u00f6rbund, st\u00f6djer landets f\u00f6rbund bland annat genom att f\u00f6lja upp f\u00f6rbundens verksamheter genom indikatorenk\u00e4ter. <\/p>\n\n\n\n<p><strong>Vad \u00e4r NNS Indikatorer?<\/strong><\/p>\n\n\n\n<p>Ett instrument utvecklat f\u00f6r samordningsf\u00f6rbunden med avsikt att f\u00f6lja framsteg och effekterna av f\u00f6rb\u00e4ttrad finansiell samordning,<\/p>\n\n\n\n<p><strong>Vad f\u00f6ljs upp?<\/strong><\/p>\n\n\n\n<p>Verksamhetens kvalit\u00e9 och utvecklingspotential \u00e4r det som indikatorerna vill f\u00f6lja upp och inte individens rehabiliteringsprocess i f\u00f6rsta hand.<\/p>\n\n\n\n<p><strong>Hur har vi nytta av resultatet?<\/strong><\/p>\n\n\n\n<p>Analysen av data \u00e4r t\u00e4nkt att fungera som underlag f\u00f6r diskussion inom det egna f\u00f6rbundet men ocks\u00e5 mellan f\u00f6rbund och p\u00e5 nationell niv\u00e5. <\/p>\n\n\n\n<p><strong>Hur g\u00f6r vi?<\/strong><\/p>\n\n\n\n<p>V\u00e5rt f\u00f6rbund anv\u00e4nder sig av NNS indikatorenk\u00e4ter sedan 2019. Det inneb\u00e4r att:<\/p>\n\n\n\n<ul class=\"wp-block-list\">\n<li>deltagare i individinsatser besvarar en enk\u00e4t under tiden i insatsen samt en enk\u00e4t vid avslutning<\/li>\n\n\n\n<li>styrelsen, beredningsgruppen, remittenter och insatsens personal besvarar en enk\u00e4t \u00e5rligen<\/li>\n<\/ul>\n\n\n\n<p>Resultatet av enk\u00e4terna tas tillvara och bearbetas lokalt i f\u00f6rbundet. Delar av resultatet presenteras i \u00e5rsredovisningen. Det nationellt sammanst\u00e4llda resultatet presenteras i en \u00e5rlig rapport. Se nedan.<\/p>\n\n\n\n<div data-wp-interactive=\"core\/file\" class=\"wp-block-file\"><object data-wp-bind--hidden=\"!state.hasPdfPreview\" hidden class=\"wp-block-file__embed\" data=\"https:\/\/klasam.se\/klasam\/wp-content\/uploads\/sites\/1\/2026\/02\/Nationell-indikatorrapport-2025-1.pdf\" type=\"application\/pdf\" style=\"width:100%;height:600px\" aria-label=\"Inb\u00e4ddning av Nationell indikatorrapport 2025.\"><\/object><a id=\"wp-block-file--media-5e4148df-3b37-4072-bb9d-22b7b46defed\" href=\"https:\/\/klasam.se\/klasam\/wp-content\/uploads\/sites\/1\/2026\/02\/Nationell-indikatorrapport-2025-1.pdf\">Nationell indikatorrapport 2025<\/a><a href=\"https:\/\/klasam.se\/klasam\/wp-content\/uploads\/sites\/1\/2026\/02\/Nationell-indikatorrapport-2025-1.pdf\" class=\"wp-block-file__button wp-element-button\" download aria-describedby=\"wp-block-file--media-5e4148df-3b37-4072-bb9d-22b7b46defed\">Ladda ner<\/a><\/div>\n","protected":false},"excerpt":{"rendered":"<p>NNS, Nationella n\u00e4tverket f\u00f6r samordningsf\u00f6rbund, st\u00f6djer landets f\u00f6rbund bland annat genom att f\u00f6lja upp f\u00f6rbundens verksamheter genom indikatorenk\u00e4ter. Vad \u00e4r NNS Indikatorer? Ett instrument utvecklat f\u00f6r samordningsf\u00f6rbunden med avsikt att f\u00f6lja framsteg och effekterna av f\u00f6rb\u00e4ttrad finansiell samordning, Vad f\u00f6ljs upp? Verksamhetens kvalit\u00e9 och utvecklingspotential \u00e4r det som indikatorerna vill f\u00f6lja upp och inte individens [&hellip;]<\/p>\n","protected":false},"author":7,"featured_media":0,"parent":0,"menu_order":0,"comment_status":"closed","ping_status":"closed","template":"","meta":{"footnotes":""},"class_list":["post-1812","page","type-page","status-publish","hentry"],"yoast_head":"<!-- This site is optimized with the Yoast SEO plugin v27.5 - https:\/\/yoast.com\/product\/yoast-seo-wordpress\/ -->\n<title>NNS nationella indikatorrapport 2025 - Klar\u00e4lvdalens Samordningsf\u00f6rbund<\/title>\n<meta name=\"robots\" content=\"index, follow, max-snippet:-1, max-image-preview:large, max-video-preview:-1\" \/>\n<link rel=\"canonical\" href=\"https:\/\/klasam.se\/klasam\/nns-nationella-indikatorrapport-2021\/\" \/>\n<meta property=\"og:locale\" content=\"sv_SE\" \/>\n<meta property=\"og:type\" content=\"article\" \/>\n<meta property=\"og:title\" content=\"NNS nationella indikatorrapport 2025 - Klar\u00e4lvdalens Samordningsf\u00f6rbund\" \/>\n<meta property=\"og:description\" content=\"NNS, Nationella n\u00e4tverket f\u00f6r samordningsf\u00f6rbund, st\u00f6djer landets f\u00f6rbund bland annat genom att f\u00f6lja upp f\u00f6rbundens verksamheter genom indikatorenk\u00e4ter. Vad \u00e4r NNS Indikatorer? Ett instrument utvecklat f\u00f6r samordningsf\u00f6rbunden med avsikt att f\u00f6lja framsteg och effekterna av f\u00f6rb\u00e4ttrad finansiell samordning, Vad f\u00f6ljs upp? Verksamhetens kvalit\u00e9 och utvecklingspotential \u00e4r det som indikatorerna vill f\u00f6lja upp och inte individens [&hellip;]\" \/>\n<meta property=\"og:url\" content=\"https:\/\/klasam.se\/klasam\/nns-nationella-indikatorrapport-2021\/\" \/>\n<meta property=\"og:site_name\" content=\"Klar\u00e4lvdalens Samordningsf\u00f6rbund\" \/>\n<meta property=\"article:modified_time\" content=\"2026-02-18T07:28:38+00:00\" \/>\n<meta name=\"twitter:card\" content=\"summary_large_image\" \/>\n<meta name=\"twitter:label1\" content=\"Ber\u00e4knad l\u00e4stid\" \/>\n\t<meta name=\"twitter:data1\" content=\"1 minut\" \/>\n<script type=\"application\/ld+json\" class=\"yoast-schema-graph\">{\"@context\":\"https:\\\/\\\/schema.org\",\"@graph\":[{\"@type\":\"WebPage\",\"@id\":\"https:\\\/\\\/klasam.se\\\/klasam\\\/nns-nationella-indikatorrapport-2021\\\/\",\"url\":\"https:\\\/\\\/klasam.se\\\/klasam\\\/nns-nationella-indikatorrapport-2021\\\/\",\"name\":\"NNS nationella indikatorrapport 2025 - Klar\u00e4lvdalens Samordningsf\u00f6rbund\",\"isPartOf\":{\"@id\":\"https:\\\/\\\/klasam.se\\\/klasam\\\/#website\"},\"datePublished\":\"2022-03-02T12:57:15+00:00\",\"dateModified\":\"2026-02-18T07:28:38+00:00\",\"breadcrumb\":{\"@id\":\"https:\\\/\\\/klasam.se\\\/klasam\\\/nns-nationella-indikatorrapport-2021\\\/#breadcrumb\"},\"inLanguage\":\"sv-SE\",\"potentialAction\":[{\"@type\":\"ReadAction\",\"target\":[\"https:\\\/\\\/klasam.se\\\/klasam\\\/nns-nationella-indikatorrapport-2021\\\/\"]}]},{\"@type\":\"BreadcrumbList\",\"@id\":\"https:\\\/\\\/klasam.se\\\/klasam\\\/nns-nationella-indikatorrapport-2021\\\/#breadcrumb\",\"itemListElement\":[{\"@type\":\"ListItem\",\"position\":1,\"name\":\"Home\",\"item\":\"https:\\\/\\\/klasam.se\\\/klasam\\\/\"},{\"@type\":\"ListItem\",\"position\":2,\"name\":\"NNS nationella indikatorrapport 2025\"}]},{\"@type\":\"WebSite\",\"@id\":\"https:\\\/\\\/klasam.se\\\/klasam\\\/#website\",\"url\":\"https:\\\/\\\/klasam.se\\\/klasam\\\/\",\"name\":\"Klar\u00e4lvdalens Samordningsf\u00f6rbund\",\"description\":\"Arbete och nya m\u00f6jligheter f\u00f6r alla\",\"publisher\":{\"@id\":\"https:\\\/\\\/klasam.se\\\/klasam\\\/#organization\"},\"potentialAction\":[{\"@type\":\"SearchAction\",\"target\":{\"@type\":\"EntryPoint\",\"urlTemplate\":\"https:\\\/\\\/klasam.se\\\/klasam\\\/?s={search_term_string}\"},\"query-input\":{\"@type\":\"PropertyValueSpecification\",\"valueRequired\":true,\"valueName\":\"search_term_string\"}}],\"inLanguage\":\"sv-SE\"},{\"@type\":\"Organization\",\"@id\":\"https:\\\/\\\/klasam.se\\\/klasam\\\/#organization\",\"name\":\"Klar\u00e4lvdalens Samordningsf\u00f6rbund\",\"url\":\"https:\\\/\\\/klasam.se\\\/klasam\\\/\",\"logo\":{\"@type\":\"ImageObject\",\"inLanguage\":\"sv-SE\",\"@id\":\"https:\\\/\\\/klasam.se\\\/klasam\\\/#\\\/schema\\\/logo\\\/image\\\/\",\"url\":\"https:\\\/\\\/klasam.se\\\/klasam\\\/wp-content\\\/uploads\\\/sites\\\/1\\\/2024\\\/06\\\/Klaralvdalens-Samordningsforbund-Logotyp-Liggande-750-Transparant.png\",\"contentUrl\":\"https:\\\/\\\/klasam.se\\\/klasam\\\/wp-content\\\/uploads\\\/sites\\\/1\\\/2024\\\/06\\\/Klaralvdalens-Samordningsforbund-Logotyp-Liggande-750-Transparant.png\",\"width\":750,\"height\":216,\"caption\":\"Klar\u00e4lvdalens Samordningsf\u00f6rbund\"},\"image\":{\"@id\":\"https:\\\/\\\/klasam.se\\\/klasam\\\/#\\\/schema\\\/logo\\\/image\\\/\"}}]}<\/script>\n<!-- \/ Yoast SEO plugin. -->","yoast_head_json":{"title":"NNS nationella indikatorrapport 2025 - Klar\u00e4lvdalens Samordningsf\u00f6rbund","robots":{"index":"index","follow":"follow","max-snippet":"max-snippet:-1","max-image-preview":"max-image-preview:large","max-video-preview":"max-video-preview:-1"},"canonical":"https:\/\/klasam.se\/klasam\/nns-nationella-indikatorrapport-2021\/","og_locale":"sv_SE","og_type":"article","og_title":"NNS nationella indikatorrapport 2025 - Klar\u00e4lvdalens Samordningsf\u00f6rbund","og_description":"NNS, Nationella n\u00e4tverket f\u00f6r samordningsf\u00f6rbund, st\u00f6djer landets f\u00f6rbund bland annat genom att f\u00f6lja upp f\u00f6rbundens verksamheter genom indikatorenk\u00e4ter. Vad \u00e4r NNS Indikatorer? Ett instrument utvecklat f\u00f6r samordningsf\u00f6rbunden med avsikt att f\u00f6lja framsteg och effekterna av f\u00f6rb\u00e4ttrad finansiell samordning, Vad f\u00f6ljs upp? Verksamhetens kvalit\u00e9 och utvecklingspotential \u00e4r det som indikatorerna vill f\u00f6lja upp och inte individens [&hellip;]","og_url":"https:\/\/klasam.se\/klasam\/nns-nationella-indikatorrapport-2021\/","og_site_name":"Klar\u00e4lvdalens Samordningsf\u00f6rbund","article_modified_time":"2026-02-18T07:28:38+00:00","twitter_card":"summary_large_image","twitter_misc":{"Ber\u00e4knad l\u00e4stid":"1 minut"},"schema":{"@context":"https:\/\/schema.org","@graph":[{"@type":"WebPage","@id":"https:\/\/klasam.se\/klasam\/nns-nationella-indikatorrapport-2021\/","url":"https:\/\/klasam.se\/klasam\/nns-nationella-indikatorrapport-2021\/","name":"NNS nationella indikatorrapport 2025 - Klar\u00e4lvdalens Samordningsf\u00f6rbund","isPartOf":{"@id":"https:\/\/klasam.se\/klasam\/#website"},"datePublished":"2022-03-02T12:57:15+00:00","dateModified":"2026-02-18T07:28:38+00:00","breadcrumb":{"@id":"https:\/\/klasam.se\/klasam\/nns-nationella-indikatorrapport-2021\/#breadcrumb"},"inLanguage":"sv-SE","potentialAction":[{"@type":"ReadAction","target":["https:\/\/klasam.se\/klasam\/nns-nationella-indikatorrapport-2021\/"]}]},{"@type":"BreadcrumbList","@id":"https:\/\/klasam.se\/klasam\/nns-nationella-indikatorrapport-2021\/#breadcrumb","itemListElement":[{"@type":"ListItem","position":1,"name":"Home","item":"https:\/\/klasam.se\/klasam\/"},{"@type":"ListItem","position":2,"name":"NNS nationella indikatorrapport 2025"}]},{"@type":"WebSite","@id":"https:\/\/klasam.se\/klasam\/#website","url":"https:\/\/klasam.se\/klasam\/","name":"Klar\u00e4lvdalens Samordningsf\u00f6rbund","description":"Arbete och nya m\u00f6jligheter f\u00f6r alla","publisher":{"@id":"https:\/\/klasam.se\/klasam\/#organization"},"potentialAction":[{"@type":"SearchAction","target":{"@type":"EntryPoint","urlTemplate":"https:\/\/klasam.se\/klasam\/?s={search_term_string}"},"query-input":{"@type":"PropertyValueSpecification","valueRequired":true,"valueName":"search_term_string"}}],"inLanguage":"sv-SE"},{"@type":"Organization","@id":"https:\/\/klasam.se\/klasam\/#organization","name":"Klar\u00e4lvdalens Samordningsf\u00f6rbund","url":"https:\/\/klasam.se\/klasam\/","logo":{"@type":"ImageObject","inLanguage":"sv-SE","@id":"https:\/\/klasam.se\/klasam\/#\/schema\/logo\/image\/","url":"https:\/\/klasam.se\/klasam\/wp-content\/uploads\/sites\/1\/2024\/06\/Klaralvdalens-Samordningsforbund-Logotyp-Liggande-750-Transparant.png","contentUrl":"https:\/\/klasam.se\/klasam\/wp-content\/uploads\/sites\/1\/2024\/06\/Klaralvdalens-Samordningsforbund-Logotyp-Liggande-750-Transparant.png","width":750,"height":216,"caption":"Klar\u00e4lvdalens Samordningsf\u00f6rbund"},"image":{"@id":"https:\/\/klasam.se\/klasam\/#\/schema\/logo\/image\/"}}]}},"_links":{"self":[{"href":"https:\/\/klasam.se\/klasam\/wp-json\/wp\/v2\/pages\/1812","targetHints":{"allow":["GET"]}}],"collection":[{"href":"https:\/\/klasam.se\/klasam\/wp-json\/wp\/v2\/pages"}],"about":[{"href":"https:\/\/klasam.se\/klasam\/wp-json\/wp\/v2\/types\/page"}],"author":[{"embeddable":true,"href":"https:\/\/klasam.se\/klasam\/wp-json\/wp\/v2\/users\/7"}],"replies":[{"embeddable":true,"href":"https:\/\/klasam.se\/klasam\/wp-json\/wp\/v2\/comments?post=1812"}],"version-history":[{"count":6,"href":"https:\/\/klasam.se\/klasam\/wp-json\/wp\/v2\/pages\/1812\/revisions"}],"predecessor-version":[{"id":2560,"href":"https:\/\/klasam.se\/klasam\/wp-json\/wp\/v2\/pages\/1812\/revisions\/2560"}],"wp:attachment":[{"href":"https:\/\/klasam.se\/klasam\/wp-json\/wp\/v2\/media?parent=1812"}],"curies":[{"name":"wp","href":"https:\/\/api.w.org\/{rel}","templated":true}]}}

<p>NNS, Nationella nätverket för samordningsförbund, stödjer landets förbund bland annat genom att följa upp förbundens verksamheter genom indikatorenkäter. </p>



<p><strong>Vad är NNS Indikatorer?</strong></p>



<p>Ett instrument utvecklat för samordningsförbunden med avsikt att följa framsteg och effekterna av förbättrad finansiell samordning,</p>



<p><strong>Vad följs upp?</strong></p>



<p>Verksamhetens kvalité och utvecklingspotential är det som indikatorerna vill följa upp och inte individens rehabiliteringsprocess i första hand.</p>



<p><strong>Hur har vi nytta av resultatet?</strong></p>



<p>Analysen av data är tänkt att fungera som underlag för diskussion inom det egna förbundet men också mellan förbund och på nationell nivå. </p>



<p><strong>Hur gör vi?</strong></p>



<p>Vårt förbund använder sig av NNS indikatorenkäter sedan 2019. Det innebär att:</p>



<ul class="wp-block-list">
<li>deltagare i individinsatser besvarar en enkät under tiden i insatsen samt en enkät vid avslutning</li>



<li>styrelsen, beredningsgruppen, remittenter och insatsens personal besvarar en enkät årligen</li>
</ul>



<p>Resultatet av enkäterna tas tillvara och bearbetas lokalt i förbundet. Delar av resultatet presenteras i årsredovisningen. Det nationellt sammanställda resultatet presenteras i en årlig rapport. Se nedan.</p>



<div data-wp-interactive="core/file" class="wp-block-file"><object data-wp-bind--hidden="!state.hasPdfPreview" hidden class="wp-block-file__embed" data="https://klasam.se/klasam/wp-content/uploads/sites/1/2026/02/Nationell-indikatorrapport-2025-1.pdf" type="application/pdf" style="width:100%;height:600px" aria-label="Inbäddning av Nationell indikatorrapport 2025."></object><a id="wp-block-file--media-5e4148df-3b37-4072-bb9d-22b7b46defed" href="https://klasam.se/klasam/wp-content/uploads/sites/1/2026/02/Nationell-indikatorrapport-2025-1.pdf">Nationell indikatorrapport 2025</a><a href="https://klasam.se/klasam/wp-content/uploads/sites/1/2026/02/Nationell-indikatorrapport-2025-1.pdf" class="wp-block-file__button wp-element-button" download aria-describedby="wp-block-file--media-5e4148df-3b37-4072-bb9d-22b7b46defed">Ladda ner</a></div>

<p>NNS, Nationella nätverket för samordningsförbund, stödjer landets förbund bland annat genom att följa upp förbundens verksamheter genom indikatorenkäter. Vad är NNS Indikatorer? Ett instrument utvecklat för samordningsförbunden med avsikt att följa framsteg och effekterna av förbättrad finansiell samordning, Vad följs upp? Verksamhetens kvalité och utvecklingspotential är det som indikatorerna vill följa upp och inte individens [&hellip;]</p>

<!-- This site is optimized with the Yoast SEO plugin v27.5 - https://yoast.com/product/yoast-seo-wordpress/ -->
<title>NNS nationella indikatorrapport 2025 - Klarälvdalens Samordningsförbund</title>
<meta name="robots" content="index, follow, max-snippet:-1, max-image-preview:large, max-video-preview:-1" />
<link rel="canonical" href="https://klasam.se/klasam/nns-nationella-indikatorrapport-2021/" />
<meta property="og:locale" content="sv_SE" />
<meta property="og:type" content="article" />
<meta property="og:title" content="NNS nationella indikatorrapport 2025 - Klarälvdalens Samordningsförbund" />
<meta property="og:description" content="NNS, Nationella nätverket för samordningsförbund, stödjer landets förbund bland annat genom att följa upp förbundens verksamheter genom indikatorenkäter. Vad är NNS Indikatorer? Ett instrument utvecklat för samordningsförbunden med avsikt att följa framsteg och effekterna av förbättrad finansiell samordning, Vad följs upp? Verksamhetens kvalité och utvecklingspotential är det som indikatorerna vill följa upp och inte individens [&hellip;]" />
<meta property="og:url" content="https://klasam.se/klasam/nns-nationella-indikatorrapport-2021/" />
<meta property="og:site_name" content="Klarälvdalens Samordningsförbund" />
<meta property="article:modified_time" content="2026-02-18T07:28:38+00:00" />
<meta name="twitter:card" content="summary_large_image" />
<meta name="twitter:label1" content="Beräknad lästid" />
	<meta name="twitter:data1" content="1 minut" />
<script type="application/ld+json" class="yoast-schema-graph">{"@context":"https:\/\/schema.org","@graph":[{"@type":"WebPage","@id":"https:\/\/klasam.se\/klasam\/nns-nationella-indikatorrapport-2021\/","url":"https:\/\/klasam.se\/klasam\/nns-nationella-indikatorrapport-2021\/","name":"NNS nationella indikatorrapport 2025 - Klarälvdalens Samordningsförbund","isPartOf":{"@id":"https:\/\/klasam.se\/klasam\/#website"},"datePublished":"2022-03-02T12:57:15+00:00","dateModified":"2026-02-18T07:28:38+00:00","breadcrumb":{"@id":"https:\/\/klasam.se\/klasam\/nns-nationella-indikatorrapport-2021\/#breadcrumb"},"inLanguage":"sv-SE","potentialAction":[{"@type":"ReadAction","target":["https:\/\/klasam.se\/klasam\/nns-nationella-indikatorrapport-2021\/"]}]},{"@type":"BreadcrumbList","@id":"https:\/\/klasam.se\/klasam\/nns-nationella-indikatorrapport-2021\/#breadcrumb","itemListElement":[{"@type":"ListItem","position":1,"name":"Home","item":"https:\/\/klasam.se\/klasam\/"},{"@type":"ListItem","position":2,"name":"NNS nationella indikatorrapport 2025"}]},{"@type":"WebSite","@id":"https:\/\/klasam.se\/klasam\/#website","url":"https:\/\/klasam.se\/klasam\/","name":"Klarälvdalens Samordningsförbund","description":"Arbete och nya möjligheter för alla","publisher":{"@id":"https:\/\/klasam.se\/klasam\/#organization"},"potentialAction":[{"@type":"SearchAction","target":{"@type":"EntryPoint","urlTemplate":"https:\/\/klasam.se\/klasam\/?s={search_term_string}"},"query-input":{"@type":"PropertyValueSpecification","valueRequired":true,"valueName":"search_term_string"}}],"inLanguage":"sv-SE"},{"@type":"Organization","@id":"https:\/\/klasam.se\/klasam\/#organization","name":"Klarälvdalens Samordningsförbund","url":"https:\/\/klasam.se\/klasam\/","logo":{"@type":"ImageObject","inLanguage":"sv-SE","@id":"https:\/\/klasam.se\/klasam\/#\/schema\/logo\/image\/","url":"https:\/\/klasam.se\/klasam\/wp-content\/uploads\/sites\/1\/2024\/06\/Klaralvdalens-Samordningsforbund-Logotyp-Liggande-750-Transparant.png","contentUrl":"https:\/\/klasam.se\/klasam\/wp-content\/uploads\/sites\/1\/2024\/06\/Klaralvdalens-Samordningsforbund-Logotyp-Liggande-750-Transparant.png","width":750,"height":216,"caption":"Klarälvdalens Samordningsförbund"},"image":{"@id":"https:\/\/klasam.se\/klasam\/#\/schema\/logo\/image\/"}}]}</script>
<!-- / Yoast SEO plugin. -->

NNS nationella indikatorrapport 2025 - Klarälvdalens Samordningsförbund

NNS, Nationella nätverket för samordningsförbund, stödjer landets förbund bland annat genom att följa upp förbundens verksamheter genom indikatorenkäter. Vad är NNS Indikatorer? Ett instrument utvecklat för samordningsförbunden med avsikt att följa framsteg och effekterna av förbättrad finansiell samordning, Vad följs upp? Verksamhetens kvalité och utvecklingspotential är det som indikatorerna vill följa upp och inte individens [&hellip;]

Klarälvdalens Samordningsförbund

Arbete och nya möjligheter för alla
