{"id":1342,"date":"2021-01-13T14:43:06","date_gmt":"2021-01-13T13:43:06","guid":{"rendered":"https:\/\/klasam.se\/?page_id=1342"},"modified":"2023-05-30T08:46:18","modified_gmt":"2023-05-30T06:46:18","slug":"arsredovisning-2019","status":"publish","type":"page","link":"https:\/\/klasam.se\/klasam\/arsredovisning-2019\/","title":{"rendered":"Revisionsrapporter"},"content":{"rendered":"\n<h2 class=\"wp-block-heading\">Revisionsrapport 2022<\/h2>\n\n\n\n<div class=\"wp-block-file\"><a id=\"wp-block-file--media-c81e4bf4-6946-445f-93dc-3d016b7322df\" href=\"https:\/\/klasam.se\/klasam\/wp-content\/uploads\/sites\/1\/2023\/05\/Revisionsrapport-2022-FINSAM-Klaralvdalen.pdf\">Revisionsrapport-2022-FINSAM-Klaralvdalen<\/a><a href=\"https:\/\/klasam.se\/klasam\/wp-content\/uploads\/sites\/1\/2023\/05\/Revisionsrapport-2022-FINSAM-Klaralvdalen.pdf\" class=\"wp-block-file__button wp-element-button\" download aria-describedby=\"wp-block-file--media-c81e4bf4-6946-445f-93dc-3d016b7322df\">Ladda ner<\/a><\/div>\n\n\n\n<h2 class=\"wp-block-heading\">Revisionsrapport 2021<\/h2>\n\n\n\n<div class=\"wp-block-file\"><a id=\"wp-block-file--media-68878d9f-053f-4743-8d8f-46aa2b5ebc1b\" href=\"https:\/\/klasam.se\/klasam\/wp-content\/uploads\/sites\/1\/2023\/05\/Revisionsrapport-Klaralvdalen-2021.pdf\">Revisionsrapport-Klaralvdalen-2021<\/a><a href=\"https:\/\/klasam.se\/klasam\/wp-content\/uploads\/sites\/1\/2023\/05\/Revisionsrapport-Klaralvdalen-2021.pdf\" class=\"wp-block-file__button wp-element-button\" download aria-describedby=\"wp-block-file--media-68878d9f-053f-4743-8d8f-46aa2b5ebc1b\">Ladda ner<\/a><\/div>\n\n\n\n<h2 class=\"wp-block-heading\">Revisionsrapport 2020<\/h2>\n\n\n\n<div class=\"wp-block-file\"><a id=\"wp-block-file--media-ee7d1da7-63d8-49ae-85b7-37df5e519fd4\" href=\"https:\/\/klasam.se\/klasam\/wp-content\/uploads\/sites\/1\/2023\/05\/Revisionsrapport-Klaralvdalen-202078.pdf\">Revisionsrapport-Klaralvdalen-202078<\/a><a href=\"https:\/\/klasam.se\/klasam\/wp-content\/uploads\/sites\/1\/2023\/05\/Revisionsrapport-Klaralvdalen-202078.pdf\" class=\"wp-block-file__button wp-element-button\" download aria-describedby=\"wp-block-file--media-ee7d1da7-63d8-49ae-85b7-37df5e519fd4\">Ladda ner<\/a><\/div>\n","protected":false},"excerpt":{"rendered":"<p>Revisionsrapport 2022 Revisionsrapport 2021 Revisionsrapport 2020<\/p>\n","protected":false},"author":4,"featured_media":0,"parent":0,"menu_order":0,"comment_status":"closed","ping_status":"closed","template":"","meta":{"footnotes":""},"class_list":["post-1342","page","type-page","status-publish","hentry"],"yoast_head":"<!-- This site is optimized with the Yoast SEO plugin v27.5 - https:\/\/yoast.com\/product\/yoast-seo-wordpress\/ -->\n<title>Revisionsrapporter - Klar\u00e4lvdalens Samordningsf\u00f6rbund<\/title>\n<meta name=\"robots\" content=\"index, follow, max-snippet:-1, max-image-preview:large, max-video-preview:-1\" \/>\n<link rel=\"canonical\" href=\"https:\/\/klasam.se\/klasam\/arsredovisning-2019\/\" \/>\n<meta property=\"og:locale\" content=\"sv_SE\" \/>\n<meta property=\"og:type\" content=\"article\" \/>\n<meta property=\"og:title\" content=\"Revisionsrapporter - Klar\u00e4lvdalens Samordningsf\u00f6rbund\" \/>\n<meta property=\"og:description\" content=\"Revisionsrapport 2022 Revisionsrapport 2021 Revisionsrapport 2020\" \/>\n<meta property=\"og:url\" content=\"https:\/\/klasam.se\/klasam\/arsredovisning-2019\/\" \/>\n<meta property=\"og:site_name\" content=\"Klar\u00e4lvdalens Samordningsf\u00f6rbund\" \/>\n<meta property=\"article:modified_time\" content=\"2023-05-30T06:46:18+00:00\" \/>\n<meta name=\"twitter:card\" content=\"summary_large_image\" \/>\n<meta name=\"twitter:label1\" content=\"Ber\u00e4knad l\u00e4stid\" \/>\n\t<meta name=\"twitter:data1\" content=\"1 minut\" \/>\n<script type=\"application\/ld+json\" class=\"yoast-schema-graph\">{\"@context\":\"https:\\\/\\\/schema.org\",\"@graph\":[{\"@type\":\"WebPage\",\"@id\":\"https:\\\/\\\/klasam.se\\\/klasam\\\/arsredovisning-2019\\\/\",\"url\":\"https:\\\/\\\/klasam.se\\\/klasam\\\/arsredovisning-2019\\\/\",\"name\":\"Revisionsrapporter - Klar\u00e4lvdalens Samordningsf\u00f6rbund\",\"isPartOf\":{\"@id\":\"https:\\\/\\\/klasam.se\\\/klasam\\\/#website\"},\"datePublished\":\"2021-01-13T13:43:06+00:00\",\"dateModified\":\"2023-05-30T06:46:18+00:00\",\"breadcrumb\":{\"@id\":\"https:\\\/\\\/klasam.se\\\/klasam\\\/arsredovisning-2019\\\/#breadcrumb\"},\"inLanguage\":\"sv-SE\",\"potentialAction\":[{\"@type\":\"ReadAction\",\"target\":[\"https:\\\/\\\/klasam.se\\\/klasam\\\/arsredovisning-2019\\\/\"]}]},{\"@type\":\"BreadcrumbList\",\"@id\":\"https:\\\/\\\/klasam.se\\\/klasam\\\/arsredovisning-2019\\\/#breadcrumb\",\"itemListElement\":[{\"@type\":\"ListItem\",\"position\":1,\"name\":\"Home\",\"item\":\"https:\\\/\\\/klasam.se\\\/klasam\\\/\"},{\"@type\":\"ListItem\",\"position\":2,\"name\":\"Revisionsrapporter\"}]},{\"@type\":\"WebSite\",\"@id\":\"https:\\\/\\\/klasam.se\\\/klasam\\\/#website\",\"url\":\"https:\\\/\\\/klasam.se\\\/klasam\\\/\",\"name\":\"Klar\u00e4lvdalens Samordningsf\u00f6rbund\",\"description\":\"Arbete och nya m\u00f6jligheter f\u00f6r alla\",\"publisher\":{\"@id\":\"https:\\\/\\\/klasam.se\\\/klasam\\\/#organization\"},\"potentialAction\":[{\"@type\":\"SearchAction\",\"target\":{\"@type\":\"EntryPoint\",\"urlTemplate\":\"https:\\\/\\\/klasam.se\\\/klasam\\\/?s={search_term_string}\"},\"query-input\":{\"@type\":\"PropertyValueSpecification\",\"valueRequired\":true,\"valueName\":\"search_term_string\"}}],\"inLanguage\":\"sv-SE\"},{\"@type\":\"Organization\",\"@id\":\"https:\\\/\\\/klasam.se\\\/klasam\\\/#organization\",\"name\":\"Klar\u00e4lvdalens Samordningsf\u00f6rbund\",\"url\":\"https:\\\/\\\/klasam.se\\\/klasam\\\/\",\"logo\":{\"@type\":\"ImageObject\",\"inLanguage\":\"sv-SE\",\"@id\":\"https:\\\/\\\/klasam.se\\\/klasam\\\/#\\\/schema\\\/logo\\\/image\\\/\",\"url\":\"https:\\\/\\\/klasam.se\\\/klasam\\\/wp-content\\\/uploads\\\/sites\\\/1\\\/2024\\\/06\\\/Klaralvdalens-Samordningsforbund-Logotyp-Liggande-750-Transparant.png\",\"contentUrl\":\"https:\\\/\\\/klasam.se\\\/klasam\\\/wp-content\\\/uploads\\\/sites\\\/1\\\/2024\\\/06\\\/Klaralvdalens-Samordningsforbund-Logotyp-Liggande-750-Transparant.png\",\"width\":750,\"height\":216,\"caption\":\"Klar\u00e4lvdalens Samordningsf\u00f6rbund\"},\"image\":{\"@id\":\"https:\\\/\\\/klasam.se\\\/klasam\\\/#\\\/schema\\\/logo\\\/image\\\/\"}}]}<\/script>\n<!-- \/ Yoast SEO plugin. -->","yoast_head_json":{"title":"Revisionsrapporter - Klar\u00e4lvdalens Samordningsf\u00f6rbund","robots":{"index":"index","follow":"follow","max-snippet":"max-snippet:-1","max-image-preview":"max-image-preview:large","max-video-preview":"max-video-preview:-1"},"canonical":"https:\/\/klasam.se\/klasam\/arsredovisning-2019\/","og_locale":"sv_SE","og_type":"article","og_title":"Revisionsrapporter - Klar\u00e4lvdalens Samordningsf\u00f6rbund","og_description":"Revisionsrapport 2022 Revisionsrapport 2021 Revisionsrapport 2020","og_url":"https:\/\/klasam.se\/klasam\/arsredovisning-2019\/","og_site_name":"Klar\u00e4lvdalens Samordningsf\u00f6rbund","article_modified_time":"2023-05-30T06:46:18+00:00","twitter_card":"summary_large_image","twitter_misc":{"Ber\u00e4knad l\u00e4stid":"1 minut"},"schema":{"@context":"https:\/\/schema.org","@graph":[{"@type":"WebPage","@id":"https:\/\/klasam.se\/klasam\/arsredovisning-2019\/","url":"https:\/\/klasam.se\/klasam\/arsredovisning-2019\/","name":"Revisionsrapporter - Klar\u00e4lvdalens Samordningsf\u00f6rbund","isPartOf":{"@id":"https:\/\/klasam.se\/klasam\/#website"},"datePublished":"2021-01-13T13:43:06+00:00","dateModified":"2023-05-30T06:46:18+00:00","breadcrumb":{"@id":"https:\/\/klasam.se\/klasam\/arsredovisning-2019\/#breadcrumb"},"inLanguage":"sv-SE","potentialAction":[{"@type":"ReadAction","target":["https:\/\/klasam.se\/klasam\/arsredovisning-2019\/"]}]},{"@type":"BreadcrumbList","@id":"https:\/\/klasam.se\/klasam\/arsredovisning-2019\/#breadcrumb","itemListElement":[{"@type":"ListItem","position":1,"name":"Home","item":"https:\/\/klasam.se\/klasam\/"},{"@type":"ListItem","position":2,"name":"Revisionsrapporter"}]},{"@type":"WebSite","@id":"https:\/\/klasam.se\/klasam\/#website","url":"https:\/\/klasam.se\/klasam\/","name":"Klar\u00e4lvdalens Samordningsf\u00f6rbund","description":"Arbete och nya m\u00f6jligheter f\u00f6r alla","publisher":{"@id":"https:\/\/klasam.se\/klasam\/#organization"},"potentialAction":[{"@type":"SearchAction","target":{"@type":"EntryPoint","urlTemplate":"https:\/\/klasam.se\/klasam\/?s={search_term_string}"},"query-input":{"@type":"PropertyValueSpecification","valueRequired":true,"valueName":"search_term_string"}}],"inLanguage":"sv-SE"},{"@type":"Organization","@id":"https:\/\/klasam.se\/klasam\/#organization","name":"Klar\u00e4lvdalens Samordningsf\u00f6rbund","url":"https:\/\/klasam.se\/klasam\/","logo":{"@type":"ImageObject","inLanguage":"sv-SE","@id":"https:\/\/klasam.se\/klasam\/#\/schema\/logo\/image\/","url":"https:\/\/klasam.se\/klasam\/wp-content\/uploads\/sites\/1\/2024\/06\/Klaralvdalens-Samordningsforbund-Logotyp-Liggande-750-Transparant.png","contentUrl":"https:\/\/klasam.se\/klasam\/wp-content\/uploads\/sites\/1\/2024\/06\/Klaralvdalens-Samordningsforbund-Logotyp-Liggande-750-Transparant.png","width":750,"height":216,"caption":"Klar\u00e4lvdalens Samordningsf\u00f6rbund"},"image":{"@id":"https:\/\/klasam.se\/klasam\/#\/schema\/logo\/image\/"}}]}},"_links":{"self":[{"href":"https:\/\/klasam.se\/klasam\/wp-json\/wp\/v2\/pages\/1342","targetHints":{"allow":["GET"]}}],"collection":[{"href":"https:\/\/klasam.se\/klasam\/wp-json\/wp\/v2\/pages"}],"about":[{"href":"https:\/\/klasam.se\/klasam\/wp-json\/wp\/v2\/types\/page"}],"author":[{"embeddable":true,"href":"https:\/\/klasam.se\/klasam\/wp-json\/wp\/v2\/users\/4"}],"replies":[{"embeddable":true,"href":"https:\/\/klasam.se\/klasam\/wp-json\/wp\/v2\/comments?post=1342"}],"version-history":[{"count":6,"href":"https:\/\/klasam.se\/klasam\/wp-json\/wp\/v2\/pages\/1342\/revisions"}],"predecessor-version":[{"id":2143,"href":"https:\/\/klasam.se\/klasam\/wp-json\/wp\/v2\/pages\/1342\/revisions\/2143"}],"wp:attachment":[{"href":"https:\/\/klasam.se\/klasam\/wp-json\/wp\/v2\/media?parent=1342"}],"curies":[{"name":"wp","href":"https:\/\/api.w.org\/{rel}","templated":true}]}}